Last updated on 2024-07-27 15:50:16 CEST.
Flavor | Version | Tinstall | Tcheck | Ttotal | Status | Flags |
---|---|---|---|---|---|---|
r-devel-linux-x86_64-debian-clang | 2.4-2 | 6.77 | 87.18 | 93.95 | OK | |
r-devel-linux-x86_64-debian-gcc | 2.4-2 | OK | ||||
r-devel-linux-x86_64-fedora-clang | 2.4-2 | 122.00 | NOTE | |||
r-devel-linux-x86_64-fedora-gcc | 2.4-2 | 133.32 | NOTE | |||
r-devel-windows-x86_64 | 2.4-2 | 9.00 | 138.00 | 147.00 | OK | |
r-patched-linux-x86_64 | 2.4-2 | OK | ||||
r-release-linux-x86_64 | 2.4-2 | 6.08 | 84.67 | 90.75 | OK | |
r-release-macos-arm64 | 2.4-2 | 40.00 | OK | |||
r-release-macos-x86_64 | 2.4-2 | 69.00 | OK | |||
r-release-windows-x86_64 | 2.4-2 | 8.00 | 136.00 | 144.00 | OK | |
r-oldrel-macos-arm64 | 2.4-2 | 43.00 | OK | |||
r-oldrel-macos-x86_64 | 2.4-2 | 61.00 | OK | |||
r-oldrel-windows-x86_64 | 2.4-2 | 8.00 | 128.00 | 136.00 | OK |
Version: 2.4-2
Check: dependencies in R code
Result: NOTE
Namespace in Imports field not imported from: ‘tibble’
All declared Imports should be used.
Flavors: r-devel-linux-x86_64-fedora-clang, r-devel-linux-x86_64-fedora-gcc
These binaries (installable software) and packages are in development.
They may not be fully stable and should be used with caution. We make no claims about them.