Last updated on 2025-07-27 11:49:25 CEST.
Flavor | Version | Tinstall | Tcheck | Ttotal | Status | Flags |
---|---|---|---|---|---|---|
r-devel-linux-x86_64-debian-clang | 2.4-2 | 6.52 | 73.96 | 80.48 | OK | |
r-devel-linux-x86_64-debian-gcc | 2.4-2 | 4.19 | 55.84 | 60.03 | OK | |
r-devel-linux-x86_64-fedora-clang | 2.4-2 | 133.23 | NOTE | |||
r-devel-linux-x86_64-fedora-gcc | 2.4-2 | 147.19 | NOTE | |||
r-devel-windows-x86_64 | 2.4-2 | 8.00 | 141.00 | 149.00 | OK | |
r-patched-linux-x86_64 | 2.4-2 | 5.51 | 71.71 | 77.22 | OK | |
r-release-linux-x86_64 | 2.4-2 | 5.92 | 70.50 | 76.42 | OK | |
r-release-macos-arm64 | 2.4-2 | 54.00 | OK | |||
r-release-macos-x86_64 | 2.4-2 | 79.00 | OK | |||
r-release-windows-x86_64 | 2.4-2 | 8.00 | 140.00 | 148.00 | OK | |
r-oldrel-macos-arm64 | 2.4-2 | 40.00 | OK | |||
r-oldrel-macos-x86_64 | 2.4-2 | 69.00 | OK | |||
r-oldrel-windows-x86_64 | 2.4-2 | 9.00 | 139.00 | 148.00 | OK |
Version: 2.4-2
Check: dependencies in R code
Result: NOTE
Namespace in Imports field not imported from: ‘tibble’
All declared Imports should be used.
Flavors: r-devel-linux-x86_64-fedora-clang, r-devel-linux-x86_64-fedora-gcc
These binaries (installable software) and packages are in development.
They may not be fully stable and should be used with caution. We make no claims about them.