Last updated on 2025-02-19 18:51:03 CET.
Flavor | Version | Tinstall | Tcheck | Ttotal | Status | Flags |
---|---|---|---|---|---|---|
r-devel-linux-x86_64-debian-clang | 2.4-2 | 5.18 | 68.75 | 73.93 | OK | |
r-devel-linux-x86_64-debian-gcc | 2.4-2 | 3.64 | 52.54 | 56.18 | OK | |
r-devel-linux-x86_64-fedora-clang | 2.4-2 | 118.77 | NOTE | |||
r-devel-linux-x86_64-fedora-gcc | 2.4-2 | 137.03 | NOTE | |||
r-devel-macos-arm64 | 2.4-2 | 45.00 | OK | |||
r-devel-macos-x86_64 | 2.4-2 | 73.00 | OK | |||
r-devel-windows-x86_64 | 2.4-2 | 8.00 | 137.00 | 145.00 | OK | |
r-patched-linux-x86_64 | 2.4-2 | 4.71 | 65.07 | 69.78 | OK | |
r-release-linux-x86_64 | 2.4-2 | 5.51 | 64.63 | 70.14 | OK | |
r-release-macos-arm64 | 2.4-2 | 40.00 | OK | |||
r-release-macos-x86_64 | 2.4-2 | 69.00 | OK | |||
r-release-windows-x86_64 | 2.4-2 | 7.00 | 136.00 | 143.00 | OK | |
r-oldrel-macos-arm64 | 2.4-2 | 43.00 | OK | |||
r-oldrel-macos-x86_64 | 2.4-2 | 61.00 | OK | |||
r-oldrel-windows-x86_64 | 2.4-2 | 8.00 | 132.00 | 140.00 | OK |
Version: 2.4-2
Check: dependencies in R code
Result: NOTE
Namespace in Imports field not imported from: ‘tibble’
All declared Imports should be used.
Flavors: r-devel-linux-x86_64-fedora-clang, r-devel-linux-x86_64-fedora-gcc
These binaries (installable software) and packages are in development.
They may not be fully stable and should be used with caution. We make no claims about them.