Last updated on 2025-05-01 14:49:09 CEST.
Flavor | Version | Tinstall | Tcheck | Ttotal | Status | Flags |
---|---|---|---|---|---|---|
r-devel-linux-x86_64-debian-clang | 0.3.1 | 7.54 | 94.70 | 102.24 | NOTE | |
r-devel-linux-x86_64-debian-gcc | 0.3.1 | 4.95 | 61.62 | 66.57 | OK | |
r-devel-linux-x86_64-fedora-clang | 0.3.1 | 153.30 | OK | |||
r-devel-linux-x86_64-fedora-gcc | 0.3.1 | 146.64 | OK | |||
r-devel-windows-x86_64 | 0.3.1 | 8.00 | 107.00 | 115.00 | OK | |
r-patched-linux-x86_64 | 0.3.1 | 6.72 | 89.39 | 96.11 | OK | |
r-release-linux-x86_64 | OK | |||||
r-release-macos-arm64 | 0.3.1 | 47.00 | OK | |||
r-release-macos-x86_64 | 0.3.1 | 82.00 | OK | |||
r-release-windows-x86_64 | 0.3.1 | 9.00 | 108.00 | 117.00 | OK | |
r-oldrel-macos-arm64 | 0.3.1 | 38.00 | OK | |||
r-oldrel-macos-x86_64 | 0.3.1 | 68.00 | OK | |||
r-oldrel-windows-x86_64 | 0.3.1 | 11.00 | 172.00 | 183.00 | OK |
Version: 0.3.1
Check: examples
Result: NOTE
Examples with CPU (user + system) or elapsed time > 5s
user system elapsed
SIRAdditiveNoise 4.771 0.052 5.116
SIRPartialImmunity 4.187 0.023 5.644
SIRDemogStoch 4.054 0.035 5.046
Flavor: r-devel-linux-x86_64-debian-clang
These binaries (installable software) and packages are in development.
They may not be fully stable and should be used with caution. We make no claims about them.