CRAN Package Check Results for Package EpiILMCT

Last updated on 2025-05-28 05:48:43 CEST.

Flavor Version Tinstall Tcheck Ttotal Status Flags
r-devel-linux-x86_64-debian-clang 1.1.7 29.93 67.16 97.09 NOTE
r-devel-linux-x86_64-debian-gcc 1.1.7 19.91 41.58 61.49 NOTE
r-devel-linux-x86_64-fedora-clang 1.1.7 150.48 OK
r-devel-linux-x86_64-fedora-gcc 1.1.7 152.91 OK
r-devel-windows-x86_64 1.1.7 35.00 75.00 110.00 NOTE
r-patched-linux-x86_64 1.1.7 28.63 57.26 85.89 NOTE
r-release-linux-x86_64 1.1.7 29.52 56.78 86.30 NOTE
r-release-macos-arm64 1.1.7 50.00 OK
r-release-macos-x86_64 1.1.7 106.00 OK
r-release-windows-x86_64 1.1.7 34.00 77.00 111.00 NOTE
r-oldrel-macos-arm64 1.1.7 44.00 OK
r-oldrel-macos-x86_64 1.1.7 54.00 OK
r-oldrel-windows-x86_64 1.1.7 45.00 95.00 140.00 OK

Check Details

Version: 1.1.7
Check: Rd cross-references
Result: NOTE Found the following Rd file(s) with Rd \link{} targets missing package anchors: plot.epictmcmc.Rd: mcmc, plot.mcmc summary.epictmcmc.Rd: mcmc Please provide package anchors for all Rd \link{} targets not in the package itself and the base packages. Flavors: r-devel-linux-x86_64-debian-clang, r-devel-linux-x86_64-debian-gcc, r-devel-windows-x86_64, r-patched-linux-x86_64, r-release-linux-x86_64, r-release-windows-x86_64

These binaries (installable software) and packages are in development.
They may not be fully stable and should be used with caution. We make no claims about them.