Last updated on 2025-05-08 04:52:04 CEST.
Flavor | Version | Tinstall | Tcheck | Ttotal | Status | Flags |
---|---|---|---|---|---|---|
r-devel-linux-x86_64-debian-clang | 2.5.0 | 29.63 | 554.17 | 583.80 | OK | |
r-devel-linux-x86_64-debian-gcc | 2.5.0 | 19.06 | 364.27 | 383.33 | OK | |
r-devel-linux-x86_64-fedora-clang | 2.5.0 | 929.48 | OK | |||
r-devel-linux-x86_64-fedora-gcc | 2.5.0 | 925.15 | OK | |||
r-devel-windows-x86_64 | 2.5.0 | 36.00 | 528.00 | 564.00 | OK | |
r-patched-linux-x86_64 | 2.5.0 | 30.42 | 515.69 | 546.11 | OK | |
r-release-linux-x86_64 | 2.5.0 | 27.59 | 520.26 | 547.85 | OK | |
r-release-macos-arm64 | 2.5.0 | 219.00 | OK | |||
r-release-macos-x86_64 | 2.5.0 | 501.00 | OK | |||
r-release-windows-x86_64 | 2.5.0 | 34.00 | 527.00 | 561.00 | OK | |
r-oldrel-macos-arm64 | 2.5.0 | 160.00 | OK | |||
r-oldrel-macos-x86_64 | 2.5.0 | 276.00 | OK | |||
r-oldrel-windows-x86_64 | 2.5.0 | 45.00 | 731.00 | 776.00 | NOTE |
Version: 2.5.0
Check: installed package size
Result: NOTE
installed size is 5.1Mb
sub-directories of 1Mb or more:
doc 2.8Mb
Flavor: r-oldrel-windows-x86_64
These binaries (installable software) and packages are in development.
They may not be fully stable and should be used with caution. We make no claims about them.