Last updated on 2025-02-16 10:50:45 CET.
Flavor | Version | Tinstall | Tcheck | Ttotal | Status | Flags |
---|---|---|---|---|---|---|
r-devel-linux-x86_64-debian-clang | 2.5.0 | 28.98 | 539.48 | 568.46 | OK | |
r-devel-linux-x86_64-debian-gcc | 2.5.0 | 18.59 | 349.47 | 368.06 | OK | |
r-devel-linux-x86_64-fedora-clang | 2.5.0 | 950.73 | OK | |||
r-devel-linux-x86_64-fedora-gcc | 2.5.0 | 910.28 | OK | |||
r-devel-macos-arm64 | 2.5.0 | 223.00 | OK | |||
r-devel-macos-x86_64 | 2.5.0 | 501.00 | OK | |||
r-devel-windows-x86_64 | 2.5.0 | 32.00 | 522.00 | 554.00 | OK | |
r-patched-linux-x86_64 | 2.5.0 | 33.03 | 497.67 | 530.70 | OK | |
r-release-linux-x86_64 | 2.5.0 | 25.73 | 502.46 | 528.19 | OK | |
r-release-macos-arm64 | 2.5.0 | 160.00 | OK | |||
r-release-macos-x86_64 | 2.5.0 | 276.00 | OK | |||
r-release-windows-x86_64 | 2.5.0 | 32.00 | 516.00 | 548.00 | NOTE | |
r-oldrel-macos-arm64 | 2.5.0 | 233.00 | OK | |||
r-oldrel-macos-x86_64 | 2.5.0 | 307.00 | OK | |||
r-oldrel-windows-x86_64 | 2.5.0 | 43.00 | 658.00 | 701.00 | NOTE |
Version: 2.5.0
Check: installed package size
Result: NOTE
installed size is 5.1Mb
sub-directories of 1Mb or more:
doc 2.8Mb
Flavors: r-release-windows-x86_64, r-oldrel-windows-x86_64
These binaries (installable software) and packages are in development.
They may not be fully stable and should be used with caution. We make no claims about them.