Last updated on 2024-07-27 15:50:16 CEST.
Flavor | Version | Tinstall | Tcheck | Ttotal | Status | Flags |
---|---|---|---|---|---|---|
r-devel-linux-x86_64-debian-clang | 1.5.2 | 868.07 | 341.18 | 1209.25 | NOTE | |
r-devel-linux-x86_64-debian-gcc | 1.5.2 | NOTE | ||||
r-devel-linux-x86_64-fedora-clang | 1.5.2 | 1655.05 | NOTE | |||
r-devel-linux-x86_64-fedora-gcc | 1.5.2 | 2278.71 | NOTE | |||
r-devel-windows-x86_64 | 1.5.2 | 716.00 | 369.00 | 1085.00 | NOTE | |
r-patched-linux-x86_64 | 1.5.2 | NOTE | ||||
r-release-linux-x86_64 | 1.5.2 | 712.13 | 398.36 | 1110.49 | NOTE | |
r-release-macos-arm64 | 1.5.2 | 421.00 | NOTE | |||
r-release-macos-x86_64 | 1.5.2 | 384.00 | NOTE | |||
r-release-windows-x86_64 | 1.5.2 | 712.00 | 364.00 | 1076.00 | NOTE | |
r-oldrel-macos-arm64 | 1.5.2 | 446.00 | NOTE | |||
r-oldrel-macos-x86_64 | 1.5.2 | 512.00 | NOTE | |||
r-oldrel-windows-x86_64 | 1.5.2 | 905.00 | 454.00 | 1359.00 | NOTE |
Version: 1.5.2
Check: package dependencies
Result: NOTE
Package suggested but not available for checking: ‘cmdstanr’
Flavors: r-devel-linux-x86_64-debian-clang, r-devel-linux-x86_64-debian-gcc, r-devel-linux-x86_64-fedora-clang, r-devel-linux-x86_64-fedora-gcc, r-devel-windows-x86_64, r-patched-linux-x86_64, r-release-linux-x86_64, r-release-macos-arm64, r-release-macos-x86_64, r-release-windows-x86_64, r-oldrel-macos-arm64, r-oldrel-macos-x86_64, r-oldrel-windows-x86_64
Version: 1.5.2
Check: Rd cross-references
Result: NOTE
Package unavailable to check Rd xrefs: ‘cmdstanr’
Flavors: r-devel-linux-x86_64-debian-clang, r-devel-linux-x86_64-debian-gcc, r-devel-linux-x86_64-fedora-clang, r-devel-linux-x86_64-fedora-gcc, r-devel-windows-x86_64, r-patched-linux-x86_64, r-release-linux-x86_64, r-release-macos-arm64, r-release-macos-x86_64, r-release-windows-x86_64, r-oldrel-macos-arm64, r-oldrel-macos-x86_64, r-oldrel-windows-x86_64
Version: 1.5.2
Check: for GNU extensions in Makefiles
Result: NOTE
GNU make is a SystemRequirements.
Flavors: r-devel-linux-x86_64-debian-clang, r-devel-linux-x86_64-debian-gcc, r-devel-linux-x86_64-fedora-clang, r-devel-linux-x86_64-fedora-gcc, r-devel-windows-x86_64, r-patched-linux-x86_64, r-release-linux-x86_64, r-release-macos-arm64, r-release-macos-x86_64, r-release-windows-x86_64, r-oldrel-macos-arm64, r-oldrel-macos-x86_64, r-oldrel-windows-x86_64
Version: 1.5.2
Check: installed package size
Result: NOTE
installed size is 14.2Mb
sub-directories of 1Mb or more:
doc 1.8Mb
extdata 2.3Mb
libs 8.6Mb
Flavors: r-devel-linux-x86_64-fedora-clang, r-devel-windows-x86_64, r-release-macos-arm64, r-release-macos-x86_64, r-release-windows-x86_64, r-oldrel-macos-arm64, r-oldrel-macos-x86_64, r-oldrel-windows-x86_64
These binaries (installable software) and packages are in development.
They may not be fully stable and should be used with caution. We make no claims about them.