CRAN Package Check Results for Package EpiNow2

Last updated on 2025-07-22 19:51:47 CEST.

Flavor Version Tinstall Tcheck Ttotal Status Flags
r-devel-linux-x86_64-debian-clang 1.7.1 716.00 257.70 973.70 OK
r-devel-linux-x86_64-debian-gcc 1.7.1 685.72 229.18 914.90 OK
r-devel-linux-x86_64-fedora-clang 1.7.1 1529.53 OK
r-devel-linux-x86_64-fedora-gcc 1.7.1 2067.72 OK
r-devel-windows-x86_64 1.7.1 796.00 336.00 1132.00 OK
r-patched-linux-x86_64 1.7.1 903.65 313.64 1217.29 OK
r-release-linux-x86_64 1.7.1 904.91 312.48 1217.39 OK
r-release-macos-arm64 1.7.1 405.00 OK
r-release-macos-x86_64 1.7.1 433.00 OK
r-release-windows-x86_64 1.7.1 812.00 340.00 1152.00 OK
r-oldrel-macos-arm64 1.7.1 324.00 NOTE
r-oldrel-macos-x86_64 1.7.1 448.00 NOTE
r-oldrel-windows-x86_64 1.7.1 921.00 435.00 1356.00 NOTE

Check Details

Version: 1.7.1
Check: package dependencies
Result: NOTE Package suggested but not available for checking: ‘cmdstanr’ Flavors: r-oldrel-macos-arm64, r-oldrel-macos-x86_64, r-oldrel-windows-x86_64

Version: 1.7.1
Check: installed package size
Result: NOTE installed size is 147.3Mb sub-directories of 1Mb or more: doc 1.5Mb libs 143.3Mb Flavors: r-oldrel-macos-arm64, r-oldrel-macos-x86_64, r-oldrel-windows-x86_64

Version: 1.7.1
Check: Rd cross-references
Result: NOTE Package unavailable to check Rd xrefs: ‘cmdstanr’ Flavors: r-oldrel-macos-arm64, r-oldrel-macos-x86_64, r-oldrel-windows-x86_64

Version: 1.7.1
Check: for GNU extensions in Makefiles
Result: NOTE GNU make is a SystemRequirements. Flavors: r-oldrel-macos-arm64, r-oldrel-macos-x86_64, r-oldrel-windows-x86_64

These binaries (installable software) and packages are in development.
They may not be fully stable and should be used with caution. We make no claims about them.