CRAN Package Check Results for Package EpiNow2

Last updated on 2025-10-23 11:50:12 CEST.

Flavor Version Tinstall Tcheck Ttotal Status Flags
r-devel-linux-x86_64-debian-clang 1.7.1 736.51 280.89 1017.40 NOTE
r-devel-linux-x86_64-debian-gcc 1.7.1 620.70 247.24 867.94 OK
r-devel-linux-x86_64-fedora-clang 1.7.1 3480.00 -1831.98 1648.02 OK
r-devel-linux-x86_64-fedora-gcc 1.7.1 2640.00 -491.20 2148.80 OK
r-devel-windows-x86_64 1.7.1 799.00 363.00 1162.00 OK
r-patched-linux-x86_64 1.7.1 896.88 342.72 1239.60 OK
r-release-linux-x86_64 1.7.1 905.96 342.30 1248.26 OK
r-release-macos-arm64 1.7.1 300.00 105.00 405.00 OK
r-release-macos-x86_64 1.7.1 306.00 127.00 433.00 OK
r-release-windows-x86_64 1.7.1 781.00 376.00 1157.00 OK
r-oldrel-macos-arm64 1.7.1 247.00 77.00 324.00 NOTE
r-oldrel-macos-x86_64 1.7.1 267.00 181.00 448.00 NOTE
r-oldrel-windows-x86_64 1.7.1 920.00 497.00 1417.00 NOTE

Check Details

Version: 1.7.1
Check: HTML version of manual
Result: NOTE Found the following HTML validation problems: fit_model.html:52:1 (fit_model.Rd:14): Warning: missing </ul> before </div> Flavor: r-devel-linux-x86_64-debian-clang

Version: 1.7.1
Check: package dependencies
Result: NOTE Package suggested but not available for checking: ‘cmdstanr’ Flavors: r-oldrel-macos-arm64, r-oldrel-macos-x86_64, r-oldrel-windows-x86_64

Version: 1.7.1
Check: installed package size
Result: NOTE installed size is 147.3Mb sub-directories of 1Mb or more: doc 1.5Mb libs 143.3Mb Flavors: r-oldrel-macos-arm64, r-oldrel-macos-x86_64, r-oldrel-windows-x86_64

Version: 1.7.1
Check: Rd cross-references
Result: NOTE Package unavailable to check Rd xrefs: ‘cmdstanr’ Flavors: r-oldrel-macos-arm64, r-oldrel-macos-x86_64, r-oldrel-windows-x86_64

Version: 1.7.1
Check: for GNU extensions in Makefiles
Result: NOTE GNU make is a SystemRequirements. Flavors: r-oldrel-macos-arm64, r-oldrel-macos-x86_64, r-oldrel-windows-x86_64

These binaries (installable software) and packages are in development.
They may not be fully stable and should be used with caution. We make no claims about them.