CRAN Package Check Results for Package EpiNow2

Last updated on 2025-05-21 21:49:16 CEST.

Flavor Version Tinstall Tcheck Ttotal Status Flags
r-devel-linux-x86_64-debian-clang 1.7.1 718.73 255.66 974.39 OK
r-devel-linux-x86_64-debian-gcc 1.7.1 667.25 228.57 895.82 OK
r-devel-linux-x86_64-fedora-clang 1.7.1 1503.72 OK
r-devel-linux-x86_64-fedora-gcc 1.7.1 2331.25 OK
r-devel-windows-x86_64 1.7.1 804.00 343.00 1147.00 OK
r-patched-linux-x86_64 1.7.1 898.11 309.58 1207.69 OK
r-release-linux-x86_64 1.7.1 874.75 311.40 1186.15 OK
r-release-macos-arm64 1.7.1 405.00 OK
r-release-macos-x86_64 1.7.1 433.00 OK
r-release-windows-x86_64 1.7.1 826.00 354.00 1180.00 OK
r-oldrel-macos-arm64 1.7.1 324.00 NOTE
r-oldrel-macos-x86_64 1.7.1 448.00 NOTE
r-oldrel-windows-x86_64 1.7.1 911.00 447.00 1358.00 NOTE

Check Details

Version: 1.7.1
Check: package dependencies
Result: NOTE Package suggested but not available for checking: ‘cmdstanr’ Flavors: r-oldrel-macos-arm64, r-oldrel-macos-x86_64, r-oldrel-windows-x86_64

Version: 1.7.1
Check: installed package size
Result: NOTE installed size is 147.3Mb sub-directories of 1Mb or more: doc 1.5Mb libs 143.3Mb Flavors: r-oldrel-macos-arm64, r-oldrel-macos-x86_64, r-oldrel-windows-x86_64

Version: 1.7.1
Check: Rd cross-references
Result: NOTE Package unavailable to check Rd xrefs: ‘cmdstanr’ Flavors: r-oldrel-macos-arm64, r-oldrel-macos-x86_64, r-oldrel-windows-x86_64

Version: 1.7.1
Check: for GNU extensions in Makefiles
Result: NOTE GNU make is a SystemRequirements. Flavors: r-oldrel-macos-arm64, r-oldrel-macos-x86_64, r-oldrel-windows-x86_64

These binaries (installable software) and packages are in development.
They may not be fully stable and should be used with caution. We make no claims about them.