Last updated on 2025-11-12 23:50:42 CET.
| Flavor | Version | Tinstall | Tcheck | Ttotal | Status | Flags |
|---|---|---|---|---|---|---|
| r-devel-linux-x86_64-debian-clang | 0.0.1 | 279.69 | 174.50 | 454.19 | OK | |
| r-devel-linux-x86_64-debian-gcc | 0.0.1 | 216.49 | 142.49 | 358.98 | OK | |
| r-devel-linux-x86_64-fedora-clang | 0.0.1 | 342.00 | 330.68 | 672.68 | OK | |
| r-devel-linux-x86_64-fedora-gcc | 0.0.1 | 454.00 | 371.29 | 825.29 | OK | |
| r-devel-windows-x86_64 | 0.0.1 | 274.00 | 196.00 | 470.00 | OK | |
| r-patched-linux-x86_64 | 0.0.1 | 318.67 | 186.88 | 505.55 | OK | |
| r-release-linux-x86_64 | 0.0.1 | 311.23 | 185.59 | 496.82 | OK | |
| r-release-macos-arm64 | 0.0.1 | 147.00 | 69.00 | 216.00 | OK | |
| r-release-macos-x86_64 | 0.0.1 | 190.00 | 143.00 | 333.00 | OK | |
| r-release-windows-x86_64 | 0.0.1 | 287.00 | 196.00 | 483.00 | OK | |
| r-oldrel-macos-arm64 | 0.0.1 | 144.00 | 74.00 | 218.00 | NOTE | |
| r-oldrel-macos-x86_64 | 0.0.1 | 164.00 | 150.00 | 314.00 | NOTE | |
| r-oldrel-windows-x86_64 | 0.0.1 | 328.00 | 276.00 | 604.00 | NOTE |
Version: 0.0.1
Check: installed package size
Result: NOTE
installed size is 54.3Mb
sub-directories of 1Mb or more:
libs 52.8Mb
Flavors: r-oldrel-macos-arm64, r-oldrel-macos-x86_64
Version: 0.0.1
Check: for GNU extensions in Makefiles
Result: NOTE
GNU make is a SystemRequirements.
Flavors: r-oldrel-macos-arm64, r-oldrel-macos-x86_64, r-oldrel-windows-x86_64
These binaries (installable software) and packages are in development.
They may not be fully stable and should be used with caution. We make no claims about them.