Last updated on 2025-10-23 17:50:47 CEST.
Flavor | Version | Tinstall | Tcheck | Ttotal | Status | Flags |
---|---|---|---|---|---|---|
r-devel-linux-x86_64-debian-clang | 0.0.1 | 285.01 | 175.88 | 460.89 | OK | |
r-devel-linux-x86_64-debian-gcc | 0.0.1 | 217.96 | 139.25 | 357.21 | OK | |
r-devel-linux-x86_64-fedora-clang | 0.0.1 | 298.00 | 383.55 | 681.55 | OK | |
r-devel-linux-x86_64-fedora-gcc | 0.0.1 | 447.00 | 370.83 | 817.83 | OK | |
r-devel-windows-x86_64 | 0.0.1 | 275.00 | 201.00 | 476.00 | OK | |
r-patched-linux-x86_64 | 0.0.1 | 309.47 | 187.07 | 496.54 | OK | |
r-release-linux-x86_64 | 0.0.1 | 309.10 | 186.15 | 495.25 | OK | |
r-release-macos-arm64 | 0.0.1 | 147.00 | 69.00 | 216.00 | OK | |
r-release-macos-x86_64 | 0.0.1 | 190.00 | 143.00 | 333.00 | OK | |
r-release-windows-x86_64 | 0.0.1 | 268.00 | 224.00 | 492.00 | OK | |
r-oldrel-macos-arm64 | 0.0.1 | 144.00 | 74.00 | 218.00 | NOTE | |
r-oldrel-macos-x86_64 | 0.0.1 | 164.00 | 150.00 | 314.00 | NOTE | |
r-oldrel-windows-x86_64 | 0.0.1 | 316.00 | 285.00 | 601.00 | NOTE |
Version: 0.0.1
Check: installed package size
Result: NOTE
installed size is 54.3Mb
sub-directories of 1Mb or more:
libs 52.8Mb
Flavors: r-oldrel-macos-arm64, r-oldrel-macos-x86_64
Version: 0.0.1
Check: for GNU extensions in Makefiles
Result: NOTE
GNU make is a SystemRequirements.
Flavors: r-oldrel-macos-arm64, r-oldrel-macos-x86_64, r-oldrel-windows-x86_64
These binaries (installable software) and packages are in development.
They may not be fully stable and should be used with caution. We make no claims about them.