Last updated on 2025-05-22 06:51:44 CEST.
Flavor | Version | Tinstall | Tcheck | Ttotal | Status | Flags |
---|---|---|---|---|---|---|
r-devel-linux-x86_64-debian-clang | 1.1 | 4.45 | 49.04 | 53.49 | NOTE | |
r-devel-linux-x86_64-debian-gcc | 1.1 | 3.63 | 37.56 | 41.19 | NOTE | |
r-devel-linux-x86_64-fedora-clang | 1.1 | 83.15 | OK | |||
r-devel-linux-x86_64-fedora-gcc | 1.1 | 94.35 | OK | |||
r-devel-windows-x86_64 | 1.1 | 9.00 | 63.00 | 72.00 | OK | |
r-patched-linux-x86_64 | 1.1 | 5.25 | 45.20 | 50.45 | OK | |
r-release-linux-x86_64 | 1.1 | 4.73 | 44.36 | 49.09 | OK | |
r-release-macos-arm64 | 1.1 | 41.00 | OK | |||
r-release-macos-x86_64 | 1.1 | 61.00 | OK | |||
r-release-windows-x86_64 | 1.1 | 8.00 | 64.00 | 72.00 | OK | |
r-oldrel-macos-arm64 | 1.1 | 38.00 | OK | |||
r-oldrel-macos-x86_64 | 1.1 | 66.00 | OK | |||
r-oldrel-windows-x86_64 | 1.1 | 9.00 | 79.00 | 88.00 | OK |
Version: 1.1
Check: DESCRIPTION meta-information
Result: NOTE
Author field differs from that derived from Authors@R
Author: ‘Nassim AYAD [aut, cre] (<https://orcid.org/0000-0002-1809-0935>, Laboratory of Modeling and Biostatistics, Pasteur Institute of Algeria)’
Authors@R: ‘Nassim AYAD [aut, cre] (ORCID: <https://orcid.org/0000-0002-1809-0935>, affiliation: Laboratory of Modeling and Biostatistics, Pasteur Institute of Algeria)’
Flavors: r-devel-linux-x86_64-debian-clang, r-devel-linux-x86_64-debian-gcc
These binaries (installable software) and packages are in development.
They may not be fully stable and should be used with caution. We make no claims about them.