CRAN Package Check Results for Package EpistemicGameTheory

Last updated on 2025-10-27 13:50:01 CET.

Flavor Version Tinstall Tcheck Ttotal Status Flags
r-devel-linux-x86_64-debian-clang 0.1.2 2.76 22.36 25.12 NOTE
r-devel-linux-x86_64-debian-gcc 0.1.2 2.09 17.46 19.55 NOTE
r-devel-linux-x86_64-fedora-clang 0.1.2 37.40 OK
r-devel-linux-x86_64-fedora-gcc 0.1.2 36.22 OK
r-devel-windows-x86_64 0.1.2 3.00 45.00 48.00 OK
r-patched-linux-x86_64 0.1.2 2.50 21.19 23.69 OK
r-release-linux-x86_64 0.1.2 2.82 20.64 23.46 OK
r-release-macos-arm64 0.1.2 1.00 17.00 18.00 OK
r-release-macos-x86_64 0.1.2 3.00 22.00 25.00 OK
r-release-windows-x86_64 0.1.2 5.00 43.00 48.00 OK
r-oldrel-macos-arm64 0.1.2 1.00 14.00 15.00 NOTE
r-oldrel-macos-x86_64 0.1.2 2.00 21.00 23.00 NOTE
r-oldrel-windows-x86_64 0.1.2 6.00 44.00 50.00 NOTE

Check Details

Version: 0.1.2
Check: CRAN incoming feasibility
Result: NOTE Maintainer: ‘Bilge Baser <bilge.baser@msgsu.edu.tr>’ No Authors@R field in DESCRIPTION. Please add one, modifying Authors@R: person(given = "Bilge", family = "Baser", role = c("aut", "cre"), email = "bilge.baser@msgsu.edu.tr") as necessary. Flavors: r-devel-linux-x86_64-debian-clang, r-devel-linux-x86_64-debian-gcc

Version: 0.1.2
Check: LazyData
Result: NOTE 'LazyData' is specified without a 'data' directory Flavors: r-oldrel-macos-arm64, r-oldrel-macos-x86_64, r-oldrel-windows-x86_64

These binaries (installable software) and packages are in development.
They may not be fully stable and should be used with caution. We make no claims about them.