Last updated on 2025-02-21 06:49:39 CET.
Flavor | Version | Tinstall | Tcheck | Ttotal | Status | Flags |
---|---|---|---|---|---|---|
r-devel-linux-x86_64-debian-clang | 0.1.0 | 6.31 | 83.45 | 89.76 | OK | |
r-devel-linux-x86_64-debian-gcc | 0.1.0 | 4.66 | 57.57 | 62.23 | OK | |
r-devel-linux-x86_64-fedora-clang | 0.1.0 | 139.96 | OK | |||
r-devel-linux-x86_64-fedora-gcc | 0.1.0 | 144.44 | OK | |||
r-devel-macos-arm64 | 0.1.0 | 39.00 | OK | |||
r-devel-macos-x86_64 | 0.1.0 | 121.00 | OK | |||
r-devel-windows-x86_64 | 0.1.0 | 6.00 | 88.00 | 94.00 | OK | |
r-patched-linux-x86_64 | 0.1.0 | 6.19 | 79.16 | 85.35 | NOTE | |
r-release-linux-x86_64 | 0.1.0 | 6.01 | 79.15 | 85.16 | NOTE | |
r-release-macos-arm64 | 0.1.0 | 37.00 | NOTE | |||
r-release-macos-x86_64 | 0.1.0 | 64.00 | NOTE | |||
r-release-windows-x86_64 | 0.1.0 | 7.00 | 88.00 | 95.00 | NOTE | |
r-oldrel-macos-arm64 | 0.1.0 | 43.00 | NOTE | |||
r-oldrel-macos-x86_64 | 0.1.0 | 73.00 | NOTE | |||
r-oldrel-windows-x86_64 | 0.1.0 | 6.00 | 115.00 | 121.00 | NOTE |
Version: 0.1.0
Check: LazyData
Result: NOTE
'LazyData' is specified without a 'data' directory
Flavors: r-patched-linux-x86_64, r-release-linux-x86_64, r-release-macos-arm64, r-release-macos-x86_64, r-release-windows-x86_64, r-oldrel-macos-arm64, r-oldrel-macos-x86_64, r-oldrel-windows-x86_64
These binaries (installable software) and packages are in development.
They may not be fully stable and should be used with caution. We make no claims about them.