Last updated on 2025-05-01 10:50:08 CEST.
Flavor | Version | Tinstall | Tcheck | Ttotal | Status | Flags |
---|---|---|---|---|---|---|
r-devel-linux-x86_64-debian-clang | 1.0.0 | 26.17 | 96.48 | 122.65 | NOTE | |
r-devel-linux-x86_64-debian-gcc | 1.0.0 | 18.63 | 71.67 | 90.30 | OK | |
r-devel-linux-x86_64-fedora-clang | 1.0.0 | 221.79 | OK | |||
r-devel-linux-x86_64-fedora-gcc | 1.0.0 | 206.68 | OK | |||
r-devel-windows-x86_64 | 1.0.0 | 36.00 | 125.00 | 161.00 | OK | |
r-patched-linux-x86_64 | 1.0.0 | 26.24 | 95.51 | 121.75 | OK | |
r-release-linux-x86_64 | OK | |||||
r-release-macos-arm64 | 1.0.0 | 75.00 | OK | |||
r-release-macos-x86_64 | 1.0.0 | 115.00 | OK | |||
r-release-windows-x86_64 | 1.0.0 | 37.00 | 129.00 | 166.00 | OK | |
r-oldrel-macos-arm64 | 1.0.0 | 51.00 | OK | |||
r-oldrel-macos-x86_64 | 1.0.0 | 73.00 | OK | |||
r-oldrel-windows-x86_64 | 1.0.0 | 40.00 | 182.00 | 222.00 | OK |
Version: 1.0.0
Check: examples
Result: NOTE
Examples with CPU (user + system) or elapsed time > 5s
user system elapsed
maxEquivTest 3.434 0.169 6.261
Flavor: r-devel-linux-x86_64-debian-clang
These binaries (installable software) and packages are in development.
They may not be fully stable and should be used with caution. We make no claims about them.