Last updated on 2025-10-03 13:49:32 CEST.
Flavor | Version | Tinstall | Tcheck | Ttotal | Status | Flags |
---|---|---|---|---|---|---|
r-devel-linux-x86_64-debian-clang | 0.1.0 | 2.02 | 24.08 | 26.10 | NOTE | |
r-devel-linux-x86_64-debian-gcc | 0.1.0 | 1.56 | 19.60 | 21.16 | NOTE | |
r-devel-linux-x86_64-fedora-clang | 0.1.0 | 36.28 | NOTE | |||
r-devel-linux-x86_64-fedora-gcc | 0.1.0 | 34.62 | NOTE | |||
r-devel-windows-x86_64 | 0.1.0 | 4.00 | 42.00 | 46.00 | NOTE | |
r-patched-linux-x86_64 | 0.1.0 | 1.80 | 21.45 | 23.25 | NOTE | |
r-release-linux-x86_64 | 0.1.0 | 1.86 | 21.50 | 23.36 | NOTE | |
r-release-macos-arm64 | 0.1.0 | 18.00 | NOTE | |||
r-release-macos-x86_64 | 0.1.0 | 26.00 | NOTE | |||
r-release-windows-x86_64 | 0.1.0 | 3.00 | 43.00 | 46.00 | NOTE | |
r-oldrel-macos-arm64 | 0.1.0 | 22.00 | OK | |||
r-oldrel-macos-x86_64 | 0.1.0 | 48.00 | OK | |||
r-oldrel-windows-x86_64 | 0.1.0 | 6.00 | 48.00 | 54.00 | OK |
Version: 0.1.0
Check: DESCRIPTION meta-information
Result: NOTE
Missing dependency on R >= 4.1.0 because package code uses the pipe
|> or function shorthand \(...) syntax added in R 4.1.0.
File(s) using such syntax:
‘erlang_c_app.R’
Flavors: r-devel-linux-x86_64-debian-clang, r-devel-linux-x86_64-debian-gcc, r-devel-linux-x86_64-fedora-clang, r-devel-linux-x86_64-fedora-gcc, r-devel-windows-x86_64, r-patched-linux-x86_64, r-release-linux-x86_64, r-release-macos-arm64, r-release-macos-x86_64, r-release-windows-x86_64
These binaries (installable software) and packages are in development.
They may not be fully stable and should be used with caution. We make no claims about them.