CRAN Package Check Results for Package ErlangC

Last updated on 2025-05-24 07:49:24 CEST.

Flavor Version Tinstall Tcheck Ttotal Status Flags
r-devel-linux-x86_64-debian-clang 0.1.0 1.69 22.27 23.96 NOTE
r-devel-linux-x86_64-debian-gcc 0.1.0 1.45 17.98 19.43 NOTE
r-devel-linux-x86_64-fedora-clang 0.1.0 36.10 NOTE
r-devel-linux-x86_64-fedora-gcc 0.1.0 34.57 NOTE
r-devel-windows-x86_64 0.1.0 6.00 44.00 50.00 NOTE
r-patched-linux-x86_64 0.1.0 1.90 20.31 22.21 NOTE
r-release-linux-x86_64 0.1.0 1.55 20.12 21.67 NOTE
r-release-macos-arm64 0.1.0 18.00 NOTE
r-release-macos-x86_64 0.1.0 26.00 NOTE
r-release-windows-x86_64 0.1.0 4.00 68.00 72.00 NOTE
r-oldrel-macos-arm64 0.1.0 22.00 OK
r-oldrel-macos-x86_64 0.1.0 48.00 OK
r-oldrel-windows-x86_64 0.1.0 5.00 52.00 57.00 OK

Check Details

Version: 0.1.0
Check: DESCRIPTION meta-information
Result: NOTE Missing dependency on R >= 4.1.0 because package code uses the pipe |> or function shorthand \(...) syntax added in R 4.1.0. File(s) using such syntax: ‘erlang_c_app.R’ Flavors: r-devel-linux-x86_64-debian-clang, r-devel-linux-x86_64-debian-gcc, r-devel-linux-x86_64-fedora-clang, r-devel-linux-x86_64-fedora-gcc, r-devel-windows-x86_64, r-patched-linux-x86_64, r-release-linux-x86_64, r-release-macos-arm64, r-release-macos-x86_64, r-release-windows-x86_64

These binaries (installable software) and packages are in development.
They may not be fully stable and should be used with caution. We make no claims about them.