Last updated on 2025-10-23 17:50:47 CEST.
Flavor | Version | Tinstall | Tcheck | Ttotal | Status | Flags |
---|---|---|---|---|---|---|
r-devel-linux-x86_64-debian-clang | 1.6 | 8.16 | 66.01 | 74.17 | NOTE | |
r-devel-linux-x86_64-debian-gcc | 1.6 | 5.31 | 46.66 | 51.97 | NOTE | |
r-devel-linux-x86_64-fedora-clang | 1.6 | 16.00 | 96.33 | 112.33 | OK | |
r-devel-linux-x86_64-fedora-gcc | 1.6 | 17.00 | 90.80 | 107.80 | OK | |
r-devel-windows-x86_64 | 1.6 | 9.00 | 73.00 | 82.00 | OK | |
r-patched-linux-x86_64 | 1.6 | 7.63 | 61.29 | 68.92 | OK | |
r-release-linux-x86_64 | 1.6 | 7.63 | 60.51 | 68.14 | OK | |
r-release-macos-arm64 | 1.6 | 3.00 | 26.00 | 29.00 | OK | |
r-release-macos-x86_64 | 1.6 | 6.00 | 43.00 | 49.00 | OK | |
r-release-windows-x86_64 | 1.6 | 11.00 | 77.00 | 88.00 | OK | |
r-oldrel-macos-arm64 | 1.6 | 3.00 | 29.00 | 32.00 | OK | |
r-oldrel-macos-x86_64 | 1.6 | 6.00 | 39.00 | 45.00 | OK | |
r-oldrel-windows-x86_64 | 1.6 | 13.00 | 94.00 | 107.00 | OK |
Version: 1.6
Check: CRAN incoming feasibility
Result: NOTE
Maintainer: ‘Cengiz Zopluoglu <cen.zop@gmail.com>’
No Authors@R field in DESCRIPTION.
Please add one, modifying
Authors@R: person(given = "Cengiz",
family = "Zopluoglu",
role = c("aut", "cre"),
email = "cen.zop@gmail.com")
as necessary.
Flavors: r-devel-linux-x86_64-debian-clang, r-devel-linux-x86_64-debian-gcc
These binaries (installable software) and packages are in development.
They may not be fully stable and should be used with caution. We make no claims about them.