CRAN Package Check Results for Package EstimDiagnostics

Last updated on 2025-05-01 10:50:09 CEST.

Flavor Version Tinstall Tcheck Ttotal Status Flags
r-devel-linux-x86_64-debian-clang 0.0.3 6.11 71.41 77.52 NOTE
r-devel-linux-x86_64-debian-gcc 0.0.3 4.18 52.75 56.93 OK
r-devel-linux-x86_64-fedora-clang 0.0.3 112.49 OK
r-devel-linux-x86_64-fedora-gcc 0.0.3 119.27 OK
r-devel-windows-x86_64 0.0.3 7.00 82.00 89.00 OK
r-patched-linux-x86_64 0.0.3 5.45 66.69 72.14 OK
r-release-linux-x86_64 OK
r-release-macos-arm64 0.0.3 49.00 OK
r-release-macos-x86_64 0.0.3 76.00 OK
r-release-windows-x86_64 0.0.3 7.00 85.00 92.00 OK
r-oldrel-macos-arm64 0.0.3 42.00 OK
r-oldrel-macos-x86_64 0.0.3 102.00 OK
r-oldrel-windows-x86_64 0.0.3 9.00 139.00 148.00 OK

Check Details

Version: 0.0.3
Check: examples
Result: NOTE Examples with CPU (user + system) or elapsed time > 5s user system elapsed Estim_diagnost 4.546 0.102 6.59 estims_boxplot 4.261 0.035 5.63 Flavor: r-devel-linux-x86_64-debian-clang

These binaries (installable software) and packages are in development.
They may not be fully stable and should be used with caution. We make no claims about them.