CRAN Package Check Results for Package EstimateGroupNetwork

Last updated on 2025-02-23 07:51:52 CET.

Flavor Version Tinstall Tcheck Ttotal Status Flags
r-devel-linux-x86_64-debian-clang 0.3.1 12.39 91.97 104.36 OK
r-devel-linux-x86_64-debian-gcc 0.3.1 9.16 65.18 74.34 OK
r-devel-linux-x86_64-fedora-clang 0.3.1 159.82 OK
r-devel-linux-x86_64-fedora-gcc 0.3.1 154.05 OK
r-devel-macos-arm64 0.3.1 48.00 OK
r-devel-macos-x86_64 0.3.1 91.00 OK
r-devel-windows-x86_64 0.3.1 13.00 94.00 107.00 OK
r-patched-linux-x86_64 0.3.1 11.44 84.10 95.54 NOTE
r-release-linux-x86_64 0.3.1 12.23 83.38 95.61 NOTE
r-release-macos-arm64 0.3.1 49.00 NOTE
r-release-macos-x86_64 0.3.1 69.00 NOTE
r-release-windows-x86_64 0.3.1 12.00 94.00 106.00 NOTE
r-oldrel-macos-arm64 0.3.1 45.00 NOTE
r-oldrel-macos-x86_64 0.3.1 83.00 NOTE
r-oldrel-windows-x86_64 0.3.1 18.00 142.00 160.00 NOTE

Check Details

Version: 0.3.1
Check: LazyData
Result: NOTE 'LazyData' is specified without a 'data' directory Flavors: r-patched-linux-x86_64, r-release-linux-x86_64, r-release-macos-arm64, r-release-macos-x86_64, r-release-windows-x86_64, r-oldrel-macos-arm64, r-oldrel-macos-x86_64, r-oldrel-windows-x86_64

These binaries (installable software) and packages are in development.
They may not be fully stable and should be used with caution. We make no claims about them.