Last updated on 2025-02-16 10:50:45 CET.
Flavor | Version | Tinstall | Tcheck | Ttotal | Status | Flags |
---|---|---|---|---|---|---|
r-devel-linux-x86_64-debian-clang | 3.0.2 | 11.86 | 41.58 | 53.44 | OK | |
r-devel-linux-x86_64-debian-gcc | 3.0.2 | 9.11 | 33.82 | 42.93 | OK | |
r-devel-linux-x86_64-fedora-clang | 3.0.2 | 102.87 | OK | |||
r-devel-linux-x86_64-fedora-gcc | 3.0.2 | 106.57 | OK | |||
r-devel-macos-arm64 | 3.0.2 | 46.00 | OK | |||
r-devel-macos-x86_64 | 3.0.2 | 88.00 | OK | |||
r-devel-windows-x86_64 | 3.0.2 | 18.00 | 75.00 | 93.00 | OK | |
r-patched-linux-x86_64 | 3.0.2 | 12.06 | 39.43 | 51.49 | OK | |
r-release-linux-x86_64 | 3.0.2 | 14.48 | 39.73 | 54.21 | OK | |
r-release-macos-arm64 | 3.0.2 | 46.00 | OK | |||
r-release-macos-x86_64 | 3.0.2 | 130.00 | OK | |||
r-release-windows-x86_64 | 3.0.2 | 16.00 | 74.00 | 90.00 | NOTE | |
r-oldrel-macos-arm64 | 3.0.2 | 43.00 | OK | |||
r-oldrel-macos-x86_64 | 3.0.2 | 63.00 | OK | |||
r-oldrel-windows-x86_64 | 3.0.2 | 19.00 | 110.00 | 129.00 | NOTE |
Version: 3.0.2
Check: installed package size
Result: NOTE
installed size is 5.1Mb
sub-directories of 1Mb or more:
extdata 4.0Mb
Flavors: r-release-windows-x86_64, r-oldrel-windows-x86_64
These binaries (installable software) and packages are in development.
They may not be fully stable and should be used with caution. We make no claims about them.