Last updated on 2025-11-11 15:50:33 CET.
| Flavor | Version | Tinstall | Tcheck | Ttotal | Status | Flags |
|---|---|---|---|---|---|---|
| r-devel-linux-x86_64-debian-clang | 3.0.2 | 11.80 | 49.13 | 60.93 | OK | |
| r-devel-linux-x86_64-debian-gcc | 3.0.2 | 10.34 | 45.32 | 55.66 | OK | |
| r-devel-linux-x86_64-fedora-clang | 3.0.2 | 143.00 | -22.77 | 120.23 | OK | |
| r-devel-linux-x86_64-fedora-gcc | 3.0.2 | 35.00 | 76.63 | 111.63 | OK | |
| r-devel-windows-x86_64 | 3.0.2 | 18.00 | 71.00 | 89.00 | OK | |
| r-patched-linux-x86_64 | 3.0.2 | 12.95 | 41.43 | 54.38 | OK | |
| r-release-linux-x86_64 | 3.0.2 | 12.59 | 41.54 | 54.13 | OK | |
| r-release-macos-arm64 | 3.0.2 | 11.00 | 58.00 | 69.00 | OK | |
| r-release-macos-x86_64 | 3.0.2 | 13.00 | 78.00 | 91.00 | OK | |
| r-release-windows-x86_64 | 3.0.2 | 17.00 | 78.00 | 95.00 | OK | |
| r-oldrel-macos-arm64 | 3.0.2 | 9.00 | 37.00 | 46.00 | OK | |
| r-oldrel-macos-x86_64 | 3.0.2 | 19.00 | 111.00 | 130.00 | OK | |
| r-oldrel-windows-x86_64 | 3.0.2 | 20.00 | 89.00 | 109.00 | NOTE |
Version: 3.0.2
Check: installed package size
Result: NOTE
installed size is 5.1Mb
sub-directories of 1Mb or more:
extdata 4.0Mb
Flavor: r-oldrel-windows-x86_64
These binaries (installable software) and packages are in development.
They may not be fully stable and should be used with caution. We make no claims about them.