Last updated on 2025-02-16 10:50:45 CET.
Flavor | Version | Tinstall | Tcheck | Ttotal | Status | Flags |
---|---|---|---|---|---|---|
r-devel-linux-x86_64-debian-clang | 0.1.3 | 12.48 | 116.85 | 129.33 | NOTE | |
r-devel-linux-x86_64-debian-gcc | 0.1.3 | 8.66 | 80.02 | 88.68 | NOTE | |
r-devel-linux-x86_64-fedora-clang | 0.1.3 | 215.99 | NOTE | |||
r-devel-linux-x86_64-fedora-gcc | 0.1.3 | 187.12 | NOTE | |||
r-devel-macos-arm64 | 0.1.3 | 56.00 | NOTE | |||
r-devel-macos-x86_64 | 0.1.3 | 102.00 | NOTE | |||
r-devel-windows-x86_64 | 0.1.3 | 15.00 | 133.00 | 148.00 | NOTE | |
r-patched-linux-x86_64 | 0.1.3 | 10.78 | 106.04 | 116.82 | NOTE | |
r-release-linux-x86_64 | 0.1.3 | 10.40 | 106.21 | 116.61 | NOTE | |
r-release-macos-arm64 | 0.1.3 | 57.00 | NOTE | |||
r-release-macos-x86_64 | 0.1.3 | 78.00 | NOTE | |||
r-release-windows-x86_64 | 0.1.3 | 14.00 | 122.00 | 136.00 | NOTE | |
r-oldrel-macos-arm64 | 0.1.3 | 64.00 | OK | |||
r-oldrel-macos-x86_64 | 0.1.3 | 103.00 | OK | |||
r-oldrel-windows-x86_64 | 0.1.3 | 18.00 | 151.00 | 169.00 | OK |
Version: 0.1.3
Check: Rd files
Result: NOTE
checkRd: (-1) dist.evaluate.core.Rd:26: Lost braces; missing escapes or markup?
26 | the \code{names} column in {data} as labels. If \code{NULL} (default),
| ^
Flavors: r-devel-linux-x86_64-debian-clang, r-devel-linux-x86_64-debian-gcc, r-devel-linux-x86_64-fedora-clang, r-devel-linux-x86_64-fedora-gcc, r-devel-macos-arm64, r-devel-macos-x86_64, r-devel-windows-x86_64, r-patched-linux-x86_64, r-release-linux-x86_64, r-release-macos-arm64, r-release-macos-x86_64, r-release-windows-x86_64
These binaries (installable software) and packages are in development.
They may not be fully stable and should be used with caution. We make no claims about them.