Last updated on 2025-05-08 04:52:04 CEST.
Flavor | Version | Tinstall | Tcheck | Ttotal | Status | Flags |
---|---|---|---|---|---|---|
r-devel-linux-x86_64-debian-clang | 0.3.0 | 13.29 | 92.52 | 105.81 | NOTE | |
r-devel-linux-x86_64-debian-gcc | 0.3.0 | 9.25 | 66.90 | 76.15 | NOTE | |
r-devel-linux-x86_64-fedora-clang | 0.3.0 | 146.80 | OK | |||
r-devel-linux-x86_64-fedora-gcc | 0.3.0 | 151.24 | OK | |||
r-devel-windows-x86_64 | 0.3.0 | 15.00 | 96.00 | 111.00 | OK | |
r-patched-linux-x86_64 | 0.3.0 | 12.49 | 84.82 | 97.31 | OK | |
r-release-linux-x86_64 | 0.3.0 | 9.30 | 84.65 | 93.95 | OK | |
r-release-macos-arm64 | 0.3.0 | 47.00 | OK | |||
r-release-macos-x86_64 | 0.3.0 | 78.00 | OK | |||
r-release-windows-x86_64 | 0.3.0 | 14.00 | 98.00 | 112.00 | OK | |
r-oldrel-macos-arm64 | 0.3.0 | 47.00 | OK | |||
r-oldrel-macos-x86_64 | 0.3.0 | 67.00 | OK | |||
r-oldrel-windows-x86_64 | 0.3.0 | 19.00 | 127.00 | 146.00 | OK |
Version: 0.3.0
Check: CRAN incoming feasibility
Result: NOTE
Maintainer: ‘Sowmya Chandrasekaran <sowzz.17@gmail.com>’
Package CITATION file contains call(s) to old-style personList() or
as.personList(). Please use c() on person objects instead.
Flavors: r-devel-linux-x86_64-debian-clang, r-devel-linux-x86_64-debian-gcc
These binaries (installable software) and packages are in development.
They may not be fully stable and should be used with caution. We make no claims about them.