Last updated on 2025-05-01 17:56:02 CEST.
Flavor | Version | Tinstall | Tcheck | Ttotal | Status | Flags |
---|---|---|---|---|---|---|
r-devel-linux-x86_64-debian-clang | 0.3.5 | 8.37 | 115.64 | 124.01 | NOTE | |
r-devel-linux-x86_64-debian-gcc | 0.3.5 | 6.50 | 78.47 | 84.97 | NOTE | |
r-devel-linux-x86_64-fedora-clang | 0.3.5 | 185.50 | OK | |||
r-devel-linux-x86_64-fedora-gcc | 0.3.5 | 173.68 | OK | |||
r-devel-windows-x86_64 | 0.3.5 | 10.00 | 126.00 | 136.00 | OK | |
r-patched-linux-x86_64 | 0.3.5 | 8.47 | 108.79 | 117.26 | OK | |
r-release-linux-x86_64 | OK | |||||
r-release-macos-arm64 | 0.3.5 | 56.00 | OK | |||
r-release-macos-x86_64 | 0.3.5 | 116.00 | OK | |||
r-release-windows-x86_64 | 0.3.5 | 12.00 | 126.00 | 138.00 | OK | |
r-oldrel-macos-arm64 | 0.3.5 | 48.00 | OK | |||
r-oldrel-macos-x86_64 | 0.3.5 | 80.00 | OK | |||
r-oldrel-windows-x86_64 | 0.3.5 | 15.00 | 165.00 | 180.00 | OK |
Version: 0.3.5
Check: CRAN incoming feasibility
Result: NOTE
Maintainer: ‘Sowmya Chandrasekaran <sowzz.17@gmail.com>’
Package CITATION file contains call(s) to old-style personList() or
as.personList(). Please use c() on person objects instead.
Flavors: r-devel-linux-x86_64-debian-clang, r-devel-linux-x86_64-debian-gcc
Version: 0.3.5
Check: examples
Result: NOTE
Examples with CPU (user + system) or elapsed time > 5s
user system elapsed
qualityStatistics 4.753 0.205 6.059
Flavor: r-devel-linux-x86_64-debian-clang
These binaries (installable software) and packages are in development.
They may not be fully stable and should be used with caution. We make no claims about them.