Last updated on 2025-07-02 01:51:36 CEST.
Flavor | Version | Tinstall | Tcheck | Ttotal | Status | Flags |
---|---|---|---|---|---|---|
r-devel-linux-x86_64-debian-clang | 1.0 | 24.33 | 132.78 | 157.11 | OK | |
r-devel-linux-x86_64-debian-gcc | 1.0 | 14.88 | 89.54 | 104.42 | OK | |
r-devel-linux-x86_64-fedora-clang | 1.0 | 240.87 | NOTE | |||
r-devel-linux-x86_64-fedora-gcc | 1.0 | 229.58 | NOTE | |||
r-devel-windows-x86_64 | 1.0 | 22.00 | 123.00 | 145.00 | OK | |
r-patched-linux-x86_64 | OK | |||||
r-release-linux-x86_64 | 1.0 | 20.47 | 122.37 | 142.84 | OK | |
r-release-macos-arm64 | 1.0 | 61.00 | OK | |||
r-release-macos-x86_64 | 1.0 | 127.00 | OK | |||
r-release-windows-x86_64 | 1.0 | 21.00 | 125.00 | 146.00 | OK | |
r-oldrel-macos-arm64 | 1.0 | 61.00 | OK | |||
r-oldrel-macos-x86_64 | 1.0 | 98.00 | OK | |||
r-oldrel-windows-x86_64 | 1.0 | 31.00 | 161.00 | 192.00 | OK |
Version: 1.0
Check: dependencies in R code
Result: NOTE
Namespaces in Imports field not imported from:
‘KMsurv’ ‘MLEcens’ ‘lubridate’ ‘msm’ ‘perm’
All declared Imports should be used.
Flavors: r-devel-linux-x86_64-fedora-clang, r-devel-linux-x86_64-fedora-gcc
These binaries (installable software) and packages are in development.
They may not be fully stable and should be used with caution. We make no claims about them.