Last updated on 2025-10-03 11:50:42 CEST.
Flavor | Version | Tinstall | Tcheck | Ttotal | Status | Flags |
---|---|---|---|---|---|---|
r-devel-linux-x86_64-debian-clang | 1.0 | 23.02 | 144.42 | 167.44 | OK | |
r-devel-linux-x86_64-debian-gcc | 1.0 | 15.61 | 96.67 | 112.28 | OK | |
r-devel-linux-x86_64-fedora-clang | 1.0 | 253.20 | NOTE | |||
r-devel-linux-x86_64-fedora-gcc | 1.0 | 244.47 | NOTE | |||
r-devel-windows-x86_64 | 1.0 | 23.00 | 135.00 | 158.00 | OK | |
r-patched-linux-x86_64 | 1.0 | 24.19 | 132.89 | 157.08 | OK | |
r-release-linux-x86_64 | 1.0 | 22.18 | 132.23 | 154.41 | OK | |
r-release-macos-arm64 | 1.0 | 61.00 | OK | |||
r-release-macos-x86_64 | 1.0 | 127.00 | OK | |||
r-release-windows-x86_64 | 1.0 | 23.00 | 130.00 | 153.00 | OK | |
r-oldrel-macos-arm64 | 1.0 | 61.00 | OK | |||
r-oldrel-macos-x86_64 | 1.0 | 98.00 | OK | |||
r-oldrel-windows-x86_64 | 1.0 | 33.00 | 169.00 | 202.00 | OK |
Version: 1.0
Check: dependencies in R code
Result: NOTE
Namespaces in Imports field not imported from:
‘KMsurv’ ‘MLEcens’ ‘lubridate’ ‘msm’ ‘perm’
All declared Imports should be used.
Flavors: r-devel-linux-x86_64-fedora-clang, r-devel-linux-x86_64-fedora-gcc
These binaries (installable software) and packages are in development.
They may not be fully stable and should be used with caution. We make no claims about them.