Last updated on 2025-02-02 14:48:22 CET.
Flavor | Version | Tinstall | Tcheck | Ttotal | Status | Flags |
---|---|---|---|---|---|---|
r-devel-linux-x86_64-debian-clang | 0.1.6 | 4.43 | 38.16 | 42.59 | NOTE | |
r-devel-linux-x86_64-debian-gcc | 0.1.6 | 3.20 | 28.36 | 31.56 | NOTE | |
r-devel-linux-x86_64-fedora-clang | 0.1.6 | 68.57 | OK | |||
r-devel-linux-x86_64-fedora-gcc | 0.1.6 | 76.49 | OK | |||
r-devel-windows-x86_64 | 0.1.6 | 6.00 | 64.00 | 70.00 | OK | |
r-patched-linux-x86_64 | 0.1.6 | 5.31 | 34.77 | 40.08 | OK | |
r-release-linux-x86_64 | 0.1.6 | 3.55 | 34.91 | 38.46 | OK | |
r-release-macos-arm64 | 0.1.6 | 29.00 | OK | |||
r-release-macos-x86_64 | 0.1.6 | 42.00 | OK | |||
r-release-windows-x86_64 | 0.1.6 | 6.00 | 62.00 | 68.00 | OK | |
r-oldrel-macos-arm64 | 0.1.6 | 34.00 | OK | |||
r-oldrel-macos-x86_64 | 0.1.6 | 73.00 | OK | |||
r-oldrel-windows-x86_64 | 0.1.6 | 7.00 | 67.00 | 74.00 | OK |
Version: 0.1.6
Check: for unstated dependencies in ‘demo’
Result: NOTE
'library' or 'require' call not declared from: ‘ggplot2’
Flavors: r-devel-linux-x86_64-debian-clang, r-devel-linux-x86_64-debian-gcc
These binaries (installable software) and packages are in development.
They may not be fully stable and should be used with caution. We make no claims about them.