Last updated on 2025-11-11 17:49:57 CET.
| Flavor | Version | Tinstall | Tcheck | Ttotal | Status | Flags |
|---|---|---|---|---|---|---|
| r-devel-linux-x86_64-debian-clang | 0.3.5 | 9.82 | 291.38 | 301.20 | OK | |
| r-devel-linux-x86_64-debian-gcc | 0.3.5 | 6.55 | 205.19 | 211.74 | OK | |
| r-devel-linux-x86_64-fedora-clang | 0.3.5 | 30.00 | 473.26 | 503.26 | OK | |
| r-devel-linux-x86_64-fedora-gcc | 0.3.5 | 18.00 | 436.94 | 454.94 | OK | |
| r-devel-windows-x86_64 | 0.3.5 | 14.00 | 240.00 | 254.00 | OK | |
| r-patched-linux-x86_64 | 0.3.5 | 10.11 | 279.26 | 289.37 | OK | |
| r-release-linux-x86_64 | 0.3.5 | 9.13 | 278.66 | 287.79 | OK | |
| r-release-macos-arm64 | 0.3.5 | 5.00 | 172.00 | 177.00 | OK | |
| r-release-macos-x86_64 | 0.3.5 | 8.00 | 223.00 | 231.00 | OK | |
| r-release-windows-x86_64 | 0.3.5 | 15.00 | 255.00 | 270.00 | OK | |
| r-oldrel-macos-arm64 | 0.3.5 | 4.00 | 115.00 | 119.00 | NOTE | |
| r-oldrel-macos-x86_64 | 0.3.5 | 8.00 | 241.00 | 249.00 | NOTE | |
| r-oldrel-windows-x86_64 | 0.3.5 | 20.00 | 319.00 | 339.00 | NOTE |
Version: 0.3.5
Check: installed package size
Result: NOTE
installed size is 12.3Mb
sub-directories of 1Mb or more:
data 2.5Mb
doc 1.6Mb
extdata 7.9Mb
Flavors: r-oldrel-macos-arm64, r-oldrel-macos-x86_64, r-oldrel-windows-x86_64
These binaries (installable software) and packages are in development.
They may not be fully stable and should be used with caution. We make no claims about them.