Last updated on 2025-10-23 21:51:26 CEST.
Flavor | Version | Tinstall | Tcheck | Ttotal | Status | Flags |
---|---|---|---|---|---|---|
r-devel-linux-x86_64-debian-clang | 0.1.2 | 6.23 | 56.05 | 62.28 | OK | |
r-devel-linux-x86_64-debian-gcc | 0.1.2 | 4.97 | 43.87 | 48.84 | OK | |
r-devel-linux-x86_64-fedora-clang | 0.1.2 | 13.00 | 80.94 | 93.94 | NOTE | |
r-devel-linux-x86_64-fedora-gcc | 0.1.2 | 14.00 | 80.17 | 94.17 | NOTE | |
r-devel-windows-x86_64 | 0.1.2 | 8.00 | 63.00 | 71.00 | OK | |
r-patched-linux-x86_64 | 0.1.2 | 6.88 | 53.66 | 60.54 | OK | |
r-release-linux-x86_64 | 0.1.2 | 5.59 | 53.98 | 59.57 | OK | |
r-release-macos-arm64 | 0.1.2 | 4.00 | 31.00 | 35.00 | OK | |
r-release-macos-x86_64 | 0.1.2 | 14.00 | 75.00 | 89.00 | OK | |
r-release-windows-x86_64 | 0.1.2 | 8.00 | 72.00 | 80.00 | OK | |
r-oldrel-macos-arm64 | 0.1.2 | 4.00 | 27.00 | 31.00 | OK | |
r-oldrel-macos-x86_64 | 0.1.2 | 5.00 | 37.00 | 42.00 | OK | |
r-oldrel-windows-x86_64 | 0.1.2 | 11.00 | 82.00 | 93.00 | OK |
Version: 0.1.2
Check: dependencies in R code
Result: NOTE
Namespace in Imports field not imported from: ‘gamlss.dist’
All declared Imports should be used.
Flavors: r-devel-linux-x86_64-fedora-clang, r-devel-linux-x86_64-fedora-gcc
These binaries (installable software) and packages are in development.
They may not be fully stable and should be used with caution. We make no claims about them.