CRAN Package Check Results for Package ExGaussEstim

Last updated on 2025-05-01 17:56:02 CEST.

Flavor Version Tinstall Tcheck Ttotal Status Flags
r-devel-linux-x86_64-debian-clang 0.1.2 6.27 54.59 60.86 OK
r-devel-linux-x86_64-debian-gcc 0.1.2 4.89 41.09 45.98 OK
r-devel-linux-x86_64-fedora-clang 0.1.2 95.62 NOTE
r-devel-linux-x86_64-fedora-gcc 0.1.2 91.14 NOTE
r-devel-windows-x86_64 0.1.2 8.00 65.00 73.00 OK
r-patched-linux-x86_64 0.1.2 6.79 52.27 59.06 OK
r-release-linux-x86_64 OK
r-release-macos-arm64 0.1.2 35.00 OK
r-release-macos-x86_64 0.1.2 89.00 OK
r-release-windows-x86_64 0.1.2 8.00 64.00 72.00 OK
r-oldrel-macos-arm64 0.1.2 31.00 OK
r-oldrel-macos-x86_64 0.1.2 42.00 OK
r-oldrel-windows-x86_64 0.1.2 8.00 111.00 119.00 OK

Check Details

Version: 0.1.2
Check: dependencies in R code
Result: NOTE Namespace in Imports field not imported from: ‘gamlss.dist’ All declared Imports should be used. Flavors: r-devel-linux-x86_64-fedora-clang, r-devel-linux-x86_64-fedora-gcc

These binaries (installable software) and packages are in development.
They may not be fully stable and should be used with caution. We make no claims about them.