CRAN Package Check Results for Package Exact

Last updated on 2025-07-11 17:48:23 CEST.

Flavor Version Tinstall Tcheck Ttotal Status Flags
r-devel-linux-x86_64-debian-clang 3.3 5.34 35.44 40.78 OK
r-devel-linux-x86_64-debian-gcc 3.3 3.99 24.60 28.59 OK
r-devel-linux-x86_64-fedora-clang 3.3 67.29 OK
r-devel-linux-x86_64-fedora-gcc 3.3 61.51 OK
r-devel-windows-x86_64 3.3 5.00 51.00 56.00 OK
r-patched-linux-x86_64 3.3 4.56 32.76 37.32 OK
r-release-linux-x86_64 3.3 4.74 32.29 37.03 OK
r-release-macos-arm64 3.3 23.00 OK
r-release-macos-x86_64 3.3 37.00 OK
r-release-windows-x86_64 3.3 7.00 50.00 57.00 OK
r-oldrel-macos-arm64 3.3 26.00 NOTE
r-oldrel-macos-x86_64 3.3 76.00 NOTE
r-oldrel-windows-x86_64 3.3 12.00 54.00 66.00 NOTE

Check Details

Version: 3.3
Check: package dependencies
Result: NOTE Package suggested but not available for checking: ‘ExactData’ Flavors: r-oldrel-macos-arm64, r-oldrel-macos-x86_64, r-oldrel-windows-x86_64

These binaries (installable software) and packages are in development.
They may not be fully stable and should be used with caution. We make no claims about them.