Last updated on 2025-05-02 08:49:26 CEST.
Flavor | Version | Tinstall | Tcheck | Ttotal | Status | Flags |
---|---|---|---|---|---|---|
r-devel-linux-x86_64-debian-clang | 1.3.6 | 7.27 | 64.40 | 71.67 | NOTE | |
r-devel-linux-x86_64-debian-gcc | 1.3.6 | 5.38 | 48.46 | 53.84 | NOTE | |
r-devel-linux-x86_64-fedora-clang | 1.3.6 | 113.36 | OK | |||
r-devel-linux-x86_64-fedora-gcc | 1.3.6 | 108.93 | OK | |||
r-devel-windows-x86_64 | 1.3.6 | 8.00 | 78.00 | 86.00 | OK | |
r-patched-linux-x86_64 | 1.3.6 | 7.06 | 62.55 | 69.61 | OK | |
r-release-linux-x86_64 | OK | |||||
r-release-macos-arm64 | 1.3.6 | 40.00 | OK | |||
r-release-macos-x86_64 | 1.3.6 | 75.00 | OK | |||
r-release-windows-x86_64 | 1.3.6 | 9.00 | 89.00 | 98.00 | OK | |
r-oldrel-macos-arm64 | 1.3.6 | 35.00 | OK | |||
r-oldrel-macos-x86_64 | 1.3.6 | 94.00 | OK | |||
r-oldrel-windows-x86_64 | 1.3.6 | 10.00 | 98.00 | 108.00 | OK |
Version: 1.3.6
Check: CRAN incoming feasibility
Result: NOTE
Maintainer: ‘Joshua French <joshua.french@ucdenver.edu>’
No Authors@R field in DESCRIPTION.
Please add one, modifying
Authors@R: person(given = "Joshua",
family = "French",
role = c("aut", "cre"),
email = "joshua.french@ucdenver.edu")
as necessary.
Flavors: r-devel-linux-x86_64-debian-clang, r-devel-linux-x86_64-debian-gcc
These binaries (installable software) and packages are in development.
They may not be fully stable and should be used with caution. We make no claims about them.