Last updated on 2025-11-12 12:53:09 CET.
| Flavor | Version | Tinstall | Tcheck | Ttotal | Status | Flags |
|---|---|---|---|---|---|---|
| r-devel-linux-x86_64-debian-clang | 0.1.4 | 8.17 | 55.99 | 64.16 | NOTE | |
| r-devel-linux-x86_64-debian-gcc | 0.1.4 | 5.20 | 40.87 | 46.07 | NOTE | |
| r-devel-linux-x86_64-fedora-clang | 0.1.4 | 19.00 | 77.79 | 96.79 | OK | |
| r-devel-linux-x86_64-fedora-gcc | 0.1.4 | 20.00 | 71.87 | 91.87 | OK | |
| r-devel-windows-x86_64 | 0.1.4 | 9.00 | 73.00 | 82.00 | OK | |
| r-patched-linux-x86_64 | 0.1.4 | 7.99 | 51.81 | 59.80 | OK | |
| r-release-linux-x86_64 | 0.1.4 | 7.12 | 51.27 | 58.39 | OK | |
| r-release-macos-arm64 | 0.1.4 | 3.00 | 25.00 | 28.00 | OK | |
| r-release-macos-x86_64 | 0.1.4 | 7.00 | 48.00 | 55.00 | OK | |
| r-release-windows-x86_64 | 0.1.4 | 10.00 | 73.00 | 83.00 | OK | |
| r-oldrel-macos-arm64 | 0.1.4 | 3.00 | 26.00 | 29.00 | OK | |
| r-oldrel-macos-x86_64 | 0.1.4 | 5.00 | 39.00 | 44.00 | OK | |
| r-oldrel-windows-x86_64 | 0.1.4 | 12.00 | 90.00 | 102.00 | OK |
Version: 0.1.4
Check: CRAN incoming feasibility
Result: NOTE
Maintainer: ‘Nika Salia <2001salia@gmail.com>’
No Authors@R field in DESCRIPTION.
Please add one, modifying
Authors@R: c(person(given = "Irakli",
family = "Salia",
role = "aut",
email = "irakli.salia854@gmail.com"),
person(given = "Nika",
family = "Salia",
role = "cre",
email = "2001salia@gmail.com"))
as necessary.
Flavors: r-devel-linux-x86_64-debian-clang, r-devel-linux-x86_64-debian-gcc
These binaries (installable software) and packages are in development.
They may not be fully stable and should be used with caution. We make no claims about them.