Last updated on 2025-10-04 11:50:34 CEST.
Flavor | Version | Tinstall | Tcheck | Ttotal | Status | Flags |
---|---|---|---|---|---|---|
r-devel-linux-x86_64-debian-clang | 1.0.1 | 2.64 | 35.58 | 38.22 | NOTE | |
r-devel-linux-x86_64-debian-gcc | 1.0.1 | 1.85 | 25.01 | 26.86 | NOTE | |
r-devel-linux-x86_64-fedora-clang | 1.0.1 | 58.39 | OK | |||
r-devel-linux-x86_64-fedora-gcc | 1.0.1 | 56.52 | OK | |||
r-devel-windows-x86_64 | 1.0.1 | 3.00 | 51.00 | 54.00 | OK | |
r-patched-linux-x86_64 | 1.0.1 | 2.63 | 35.06 | 37.69 | OK | |
r-release-linux-x86_64 | 1.0.1 | 2.41 | 32.59 | 35.00 | OK | |
r-release-macos-arm64 | 1.0.1 | 21.00 | OK | |||
r-release-macos-x86_64 | 1.0.1 | 35.00 | OK | |||
r-release-windows-x86_64 | 1.0.1 | 3.00 | 61.00 | 64.00 | OK | |
r-oldrel-macos-arm64 | 1.0.1 | 18.00 | OK | |||
r-oldrel-macos-x86_64 | 1.0.1 | 32.00 | OK | |||
r-oldrel-windows-x86_64 | 1.0.1 | 3.00 | 63.00 | 66.00 | OK |
Version: 1.0.1
Check: CRAN incoming feasibility
Result: NOTE
Maintainer: ‘Marc-Daniel Mildenberger <mildenberger.stat@web.de>’
No Authors@R field in DESCRIPTION.
Please add one, modifying
Authors@R: person(given = "Marc-Daniel",
family = "Mildenberger",
role = c("aut", "cre"),
email = "mildenberger.stat@web.de")
as necessary.
Flavors: r-devel-linux-x86_64-debian-clang, r-devel-linux-x86_64-debian-gcc
These binaries (installable software) and packages are in development.
They may not be fully stable and should be used with caution. We make no claims about them.