CRAN Package Check Results for Package ExhaustiveSearch

Last updated on 2025-07-02 03:50:40 CEST.

Flavor Version Tinstall Tcheck Ttotal Status Flags
r-devel-linux-x86_64-debian-clang 1.0.1 34.77 25.32 60.09 NOTE
r-devel-linux-x86_64-debian-gcc 1.0.1 23.44 20.88 44.32 NOTE
r-devel-linux-x86_64-fedora-clang 1.0.1 114.31 NOTE
r-devel-linux-x86_64-fedora-gcc 1.0.1 95.02 NOTE
r-devel-windows-x86_64 1.0.1 45.00 61.00 106.00 NOTE
r-patched-linux-x86_64 NOTE
r-release-linux-x86_64 1.0.1 34.38 22.99 57.37 NOTE
r-release-macos-arm64 1.0.1 32.00 NOTE
r-release-macos-x86_64 1.0.1 38.00 NOTE
r-release-windows-x86_64 1.0.1 43.00 62.00 105.00 NOTE
r-oldrel-macos-arm64 1.0.1 31.00 NOTE
r-oldrel-macos-x86_64 1.0.1 44.00 NOTE
r-oldrel-windows-x86_64 1.0.1 43.00 73.00 116.00 NOTE

Check Details

Version: 1.0.1
Check: C++ specification
Result: NOTE Specified C++11: please drop specification unless essential Flavors: r-devel-linux-x86_64-debian-clang, r-devel-linux-x86_64-debian-gcc, r-devel-linux-x86_64-fedora-clang, r-devel-linux-x86_64-fedora-gcc, r-devel-windows-x86_64, r-patched-linux-x86_64, r-release-linux-x86_64, r-release-macos-arm64, r-release-macos-x86_64, r-release-windows-x86_64, r-oldrel-macos-arm64, r-oldrel-macos-x86_64, r-oldrel-windows-x86_64

These binaries (installable software) and packages are in development.
They may not be fully stable and should be used with caution. We make no claims about them.