Last updated on 2025-10-23 11:50:12 CEST.
Flavor | Version | Tinstall | Tcheck | Ttotal | Status | Flags |
---|---|---|---|---|---|---|
r-devel-linux-x86_64-debian-clang | 0.1.2 | 10.75 | 91.27 | 102.02 | OK | |
r-devel-linux-x86_64-debian-gcc | 0.1.2 | 7.47 | 65.24 | 72.71 | NOTE | |
r-devel-linux-x86_64-fedora-clang | 0.1.2 | 51.00 | 117.33 | 168.33 | NOTE | |
r-devel-linux-x86_64-fedora-gcc | 0.1.2 | 41.00 | 117.18 | 158.18 | NOTE | |
r-devel-windows-x86_64 | 0.1.2 | 11.00 | 92.00 | 103.00 | OK | |
r-patched-linux-x86_64 | 0.1.2 | 8.71 | 85.22 | 93.93 | OK | |
r-release-linux-x86_64 | 0.1.2 | 8.77 | 85.13 | 93.90 | OK | |
r-release-macos-arm64 | 0.1.2 | 4.00 | 34.00 | 38.00 | OK | |
r-release-macos-x86_64 | 0.1.2 | 8.00 | 68.00 | 76.00 | OK | |
r-release-windows-x86_64 | 0.1.2 | 12.00 | 94.00 | 106.00 | OK | |
r-oldrel-macos-arm64 | 0.1.2 | 4.00 | 34.00 | 38.00 | OK | |
r-oldrel-macos-x86_64 | 0.1.2 | 6.00 | 52.00 | 58.00 | OK | |
r-oldrel-windows-x86_64 | 0.1.2 | 16.00 | 122.00 | 138.00 | OK |
Version: 0.1.2
Check: Rd files
Result: NOTE
checkRd: (-1) ExpAnalysis3d-package.Rd:10: height/width attributes should be in pixels
Flavors: r-devel-linux-x86_64-debian-gcc, r-devel-linux-x86_64-fedora-clang, r-devel-linux-x86_64-fedora-gcc
These binaries (installable software) and packages are in development.
They may not be fully stable and should be used with caution. We make no claims about them.