Last updated on 2025-02-19 18:51:03 CET.
Flavor | Version | Tinstall | Tcheck | Ttotal | Status | Flags |
---|---|---|---|---|---|---|
r-devel-linux-x86_64-debian-clang | 0.1.4 | 2.70 | 26.23 | 28.93 | OK | |
r-devel-linux-x86_64-debian-gcc | 0.1.4 | 1.77 | 19.77 | 21.54 | OK | |
r-devel-linux-x86_64-fedora-clang | 0.1.4 | 48.33 | OK | |||
r-devel-linux-x86_64-fedora-gcc | 0.1.4 | 46.34 | OK | |||
r-devel-macos-arm64 | 0.1.4 | 15.00 | OK | |||
r-devel-macos-x86_64 | 0.1.4 | 42.00 | OK | |||
r-devel-windows-x86_64 | 0.1.4 | 4.00 | 55.00 | 59.00 | OK | |
r-patched-linux-x86_64 | 0.1.4 | 3.10 | 24.96 | 28.06 | NOTE | |
r-release-linux-x86_64 | 0.1.4 | 2.61 | 25.04 | 27.65 | NOTE | |
r-release-macos-arm64 | 0.1.4 | 17.00 | NOTE | |||
r-release-macos-x86_64 | 0.1.4 | 26.00 | NOTE | |||
r-release-windows-x86_64 | 0.1.4 | 3.00 | 55.00 | 58.00 | NOTE | |
r-oldrel-macos-arm64 | 0.1.4 | 22.00 | NOTE | |||
r-oldrel-macos-x86_64 | 0.1.4 | 25.00 | NOTE | |||
r-oldrel-windows-x86_64 | 0.1.4 | 5.00 | 88.00 | 93.00 | NOTE |
Version: 0.1.4
Check: package dependencies
Result: NOTE
Package suggested but not available for checking: ‘cec2013’
Flavors: r-patched-linux-x86_64, r-release-linux-x86_64, r-release-macos-arm64, r-release-macos-x86_64, r-release-windows-x86_64, r-oldrel-macos-arm64, r-oldrel-macos-x86_64, r-oldrel-windows-x86_64
These binaries (installable software) and packages are in development.
They may not be fully stable and should be used with caution. We make no claims about them.