CRAN Package Check Results for Package ExpDE

Last updated on 2025-10-03 13:49:32 CEST.

Flavor Version Tinstall Tcheck Ttotal Status Flags
r-devel-linux-x86_64-debian-clang 0.2.0 3.17 29.24 32.41 OK
r-devel-linux-x86_64-debian-gcc 0.2.0 2.13 22.18 24.31 OK
r-devel-linux-x86_64-fedora-clang 0.2.0 47.82 OK
r-devel-linux-x86_64-fedora-gcc 0.2.0 42.70 OK
r-devel-windows-x86_64 0.2.0 6.00 50.00 56.00 OK
r-patched-linux-x86_64 0.2.0 3.30 26.90 30.20 OK
r-release-linux-x86_64 0.1.4 2.29 27.85 30.14 OK
r-release-macos-arm64 0.2.0 19.00 OK
r-release-macos-x86_64 0.2.0 89.00 OK
r-release-windows-x86_64 0.2.0 8.00 71.00 79.00 OK
r-oldrel-macos-arm64 0.1.4 17.00 NOTE
r-oldrel-macos-x86_64 0.2.0 78.00 OK
r-oldrel-windows-x86_64 0.2.0 7.00 61.00 68.00 OK

Check Details

Version: 0.1.4
Check: package dependencies
Result: NOTE Package suggested but not available for checking: ‘cec2013’ Flavor: r-oldrel-macos-arm64

These binaries (installable software) and packages are in development.
They may not be fully stable and should be used with caution. We make no claims about them.