CRAN Package Check Results for Package ExpDE

Last updated on 2025-07-02 03:50:40 CEST.

Flavor Version Tinstall Tcheck Ttotal Status Flags
r-devel-linux-x86_64-debian-clang 0.1.4 2.46 27.97 30.43 OK
r-devel-linux-x86_64-debian-gcc 0.1.4 2.14 21.50 23.64 OK
r-devel-linux-x86_64-fedora-clang 0.1.4 46.38 OK
r-devel-linux-x86_64-fedora-gcc 0.1.4 46.19 OK
r-devel-windows-x86_64 0.1.4 5.00 54.00 59.00 OK
r-patched-linux-x86_64 OK
r-release-linux-x86_64 0.1.4 2.75 25.59 28.34 OK
r-release-macos-arm64 0.1.4 19.00 OK
r-release-macos-x86_64 0.1.4 32.00 OK
r-release-windows-x86_64 0.1.4 3.00 55.00 58.00 OK
r-oldrel-macos-arm64 0.1.4 17.00 NOTE
r-oldrel-macos-x86_64 0.1.4 26.00 NOTE
r-oldrel-windows-x86_64 0.1.4 5.00 59.00 64.00 NOTE

Check Details

Version: 0.1.4
Check: package dependencies
Result: NOTE Package suggested but not available for checking: ‘cec2013’ Flavors: r-oldrel-macos-arm64, r-oldrel-macos-x86_64, r-oldrel-windows-x86_64

These binaries (installable software) and packages are in development.
They may not be fully stable and should be used with caution. We make no claims about them.