CRAN Package Check Results for Package ExpRep

Last updated on 2025-11-11 15:50:33 CET.

Flavor Version Tinstall Tcheck Ttotal Status Flags
r-devel-linux-x86_64-debian-clang 1.0 1.87 20.96 22.83 NOTE
r-devel-linux-x86_64-debian-gcc 1.0 1.59 17.61 19.20 NOTE
r-devel-linux-x86_64-fedora-clang 1.0 32.89 OK
r-devel-linux-x86_64-fedora-gcc 1.0 31.47 OK
r-devel-windows-x86_64 1.0 3.00 37.00 40.00 OK
r-patched-linux-x86_64 1.0 2.17 19.71 21.88 OK
r-release-linux-x86_64 1.0 1.95 19.68 21.63 OK
r-release-macos-arm64 1.0 1.00 15.00 16.00 OK
r-release-macos-x86_64 1.0 2.00 28.00 30.00 OK
r-release-windows-x86_64 1.0 4.00 36.00 40.00 OK
r-oldrel-macos-arm64 1.0 1.00 13.00 14.00 OK
r-oldrel-macos-x86_64 1.0 2.00 20.00 22.00 OK
r-oldrel-windows-x86_64 1.0 3.00 36.00 39.00 OK

Check Details

Version: 1.0
Check: CRAN incoming feasibility
Result: NOTE Maintainer: ‘Larisa Zamora-Matamoros <larisa@uo.edu.cu>’ No Authors@R field in DESCRIPTION. Please add one, modifying Authors@R: c(person(given = "Larisa", family = "Zamora-Matamoros", role = c("aut", "cre"), email = "larisa@uo.edu.cu"), person(given = "Jorge", family = "Diaz-Silvera", role = "aut")) as necessary. Flavors: r-devel-linux-x86_64-debian-clang, r-devel-linux-x86_64-debian-gcc

These binaries (installable software) and packages are in development.
They may not be fully stable and should be used with caution. We make no claims about them.