CRAN Package Check Results for Package FACT

Last updated on 2025-05-08 04:52:04 CEST.

Flavor Version Tinstall Tcheck Ttotal Status Flags
r-devel-linux-x86_64-debian-clang 0.1.1 7.44 64.29 71.73 NOTE
r-devel-linux-x86_64-debian-gcc 0.1.1 5.78 46.42 52.20 NOTE
r-devel-linux-x86_64-fedora-clang 0.1.1 124.11 OK
r-devel-linux-x86_64-fedora-gcc 0.1.1 120.91 OK
r-devel-windows-x86_64 0.1.1 10.00 75.00 85.00 NOTE
r-patched-linux-x86_64 0.1.1 7.91 60.87 68.78 NOTE
r-release-linux-x86_64 0.1.1 6.96 59.65 66.61 NOTE
r-release-macos-arm64 0.1.1 34.00 OK
r-release-macos-x86_64 0.1.1 59.00 OK
r-release-windows-x86_64 0.1.1 10.00 74.00 84.00 NOTE
r-oldrel-macos-arm64 0.1.1 31.00 OK
r-oldrel-macos-x86_64 0.1.1 50.00 OK
r-oldrel-windows-x86_64 0.1.1 13.00 100.00 113.00 OK

Check Details

Version: 0.1.1
Check: Rd cross-references
Result: NOTE Found the following Rd file(s) with Rd \link{} targets missing package anchors: SMART.Rd: data.table Please provide package anchors for all Rd \link{} targets not in the package itself and the base packages. Flavors: r-devel-linux-x86_64-debian-clang, r-devel-linux-x86_64-debian-gcc, r-devel-windows-x86_64, r-patched-linux-x86_64, r-release-linux-x86_64, r-release-windows-x86_64

These binaries (installable software) and packages are in development.
They may not be fully stable and should be used with caution. We make no claims about them.