CRAN Package Check Results for Package FACT

Last updated on 2025-07-02 03:50:40 CEST.

Flavor Version Tinstall Tcheck Ttotal Status Flags
r-devel-linux-x86_64-debian-clang 0.1.1 7.70 67.54 75.24 NOTE
r-devel-linux-x86_64-debian-gcc 0.1.1 5.45 47.21 52.66 NOTE
r-devel-linux-x86_64-fedora-clang 0.1.1 121.23 OK
r-devel-linux-x86_64-fedora-gcc 0.1.1 111.40 OK
r-devel-windows-x86_64 0.1.1 9.00 76.00 85.00 NOTE
r-patched-linux-x86_64 NOTE
r-release-linux-x86_64 0.1.1 7.73 59.63 67.36 NOTE
r-release-macos-arm64 0.1.1 34.00 OK
r-release-macos-x86_64 0.1.1 59.00 OK
r-release-windows-x86_64 0.1.1 10.00 76.00 86.00 NOTE
r-oldrel-macos-arm64 0.1.1 31.00 OK
r-oldrel-macos-x86_64 0.1.1 50.00 OK
r-oldrel-windows-x86_64 0.1.1 13.00 99.00 112.00 OK

Check Details

Version: 0.1.1
Check: Rd cross-references
Result: NOTE Found the following Rd file(s) with Rd \link{} targets missing package anchors: SMART.Rd: data.table Please provide package anchors for all Rd \link{} targets not in the package itself and the base packages. Flavors: r-devel-linux-x86_64-debian-clang, r-devel-linux-x86_64-debian-gcc, r-devel-windows-x86_64, r-patched-linux-x86_64, r-release-linux-x86_64, r-release-windows-x86_64

These binaries (installable software) and packages are in development.
They may not be fully stable and should be used with caution. We make no claims about them.