CRAN Package Check Results for Package FADPclust

Last updated on 2025-10-23 17:50:47 CEST.

Flavor Version Tinstall Tcheck Ttotal Status Flags
r-devel-linux-x86_64-debian-clang 1.1.1 13.80 124.53 138.33 NOTE
r-devel-linux-x86_64-debian-gcc 1.1.1 9.69 88.51 98.20 NOTE
r-devel-linux-x86_64-fedora-clang 1.1.1 28.00 185.42 213.42 NOTE
r-devel-linux-x86_64-fedora-gcc 1.1.1 29.00 177.91 206.91 NOTE
r-devel-windows-x86_64 1.1.1 15.00 116.00 131.00 NOTE
r-patched-linux-x86_64 1.1.1 11.16 121.41 132.57 NOTE
r-release-linux-x86_64 1.1.1 12.58 120.19 132.77 NOTE
r-release-macos-arm64 1.1.1 6.00 50.00 56.00 NOTE
r-release-macos-x86_64 1.1.1 12.00 111.00 123.00 NOTE
r-release-windows-x86_64 1.1.1 14.00 117.00 131.00 NOTE
r-oldrel-macos-arm64 1.1.1 6.00 51.00 57.00 NOTE
r-oldrel-macos-x86_64 1.1.1 9.00 95.00 104.00 NOTE
r-oldrel-windows-x86_64 1.1.1 19.00 153.00 172.00 NOTE

Check Details

Version: 1.1.1
Check: Rd files
Result: NOTE checkRd: (-1) FADPclust.Rd:28: Lost braces in \itemize; \value handles \item{}{} directly checkRd: (-1) FADPclust.Rd:29: Lost braces in \itemize; \value handles \item{}{} directly checkRd: (-1) FADPclust.Rd:30: Lost braces in \itemize; \value handles \item{}{} directly checkRd: (-1) FADPclust.Rd:31: Lost braces in \itemize; \value handles \item{}{} directly checkRd: (-1) FADPclust.Rd:32: Lost braces in \itemize; \value handles \item{}{} directly checkRd: (-1) FADPclust.Rd:33: Lost braces in \itemize; \value handles \item{}{} directly checkRd: (-1) FADPclust.Rd:34: Lost braces in \itemize; \value handles \item{}{} directly checkRd: (-1) FADPclust.Rd:35: Lost braces in \itemize; \value handles \item{}{} directly checkRd: (-1) FADPclust.Rd:36: Lost braces in \itemize; \value handles \item{}{} directly checkRd: (-1) FADPclust.Rd:37: Lost braces in \itemize; \value handles \item{}{} directly Flavors: r-devel-linux-x86_64-debian-clang, r-devel-linux-x86_64-debian-gcc, r-devel-linux-x86_64-fedora-clang, r-devel-linux-x86_64-fedora-gcc, r-devel-windows-x86_64, r-patched-linux-x86_64, r-release-linux-x86_64, r-release-macos-arm64, r-release-macos-x86_64, r-release-windows-x86_64, r-oldrel-macos-arm64, r-oldrel-macos-x86_64, r-oldrel-windows-x86_64

These binaries (installable software) and packages are in development.
They may not be fully stable and should be used with caution. We make no claims about them.