Last updated on 2024-07-27 15:50:17 CEST.
Flavor | Version | Tinstall | Tcheck | Ttotal | Status | Flags |
---|---|---|---|---|---|---|
r-devel-linux-x86_64-debian-clang | 0.1.6 | 13.09 | 94.82 | 107.91 | OK | |
r-devel-linux-x86_64-debian-gcc | 0.1.6 | NOTE | ||||
r-devel-linux-x86_64-fedora-clang | 0.1.6 | 134.26 | OK | |||
r-devel-linux-x86_64-fedora-gcc | 0.1.6 | 138.11 | OK | |||
r-devel-windows-x86_64 | 0.1.6 | 13.00 | 91.00 | 104.00 | NOTE | |
r-patched-linux-x86_64 | 0.1.6 | OK | ||||
r-release-linux-x86_64 | 0.1.6 | 7.60 | 89.84 | 97.44 | OK | |
r-release-macos-arm64 | 0.1.6 | 45.00 | OK | |||
r-release-macos-x86_64 | 0.1.6 | 68.00 | OK | |||
r-release-windows-x86_64 | 0.1.6 | 13.00 | 90.00 | 103.00 | OK | |
r-oldrel-macos-arm64 | 0.1.6 | 47.00 | OK | |||
r-oldrel-macos-x86_64 | 0.1.6 | 103.00 | OK | |||
r-oldrel-windows-x86_64 | 0.1.6 | 15.00 | 109.00 | 124.00 | OK |
Version: 0.1.6
Check: Rd cross-references
Result: NOTE
Found the following Rd file(s) with Rd \link{} targets missing package
anchors:
getFormula.Rd: createLipidDB, assignDB
Please provide package anchors for all Rd \link{} targets not in the
package itself and the base packages.
Flavors: r-devel-linux-x86_64-debian-gcc, r-devel-windows-x86_64
These binaries (installable software) and packages are in development.
They may not be fully stable and should be used with caution. We make no claims about them.