CRAN Package Check Results for Package FAMetA

Last updated on 2025-05-08 04:52:04 CEST.

Flavor Version Tinstall Tcheck Ttotal Status Flags
r-devel-linux-x86_64-debian-clang 0.1.6 10.69 81.19 91.88 NOTE
r-devel-linux-x86_64-debian-gcc 0.1.6 6.98 56.84 63.82 NOTE
r-devel-linux-x86_64-fedora-clang 0.1.6 147.66 OK
r-devel-linux-x86_64-fedora-gcc 0.1.6 150.99 OK
r-devel-windows-x86_64 0.1.6 11.00 93.00 104.00 NOTE
r-patched-linux-x86_64 0.1.6 10.39 76.32 86.71 NOTE
r-release-linux-x86_64 0.1.6 9.58 75.74 85.32 NOTE
r-release-macos-arm64 0.1.6 44.00 OK
r-release-macos-x86_64 0.1.6 84.00 OK
r-release-windows-x86_64 0.1.6 14.00 98.00 112.00 NOTE
r-oldrel-macos-arm64 0.1.6 45.00 OK
r-oldrel-macos-x86_64 0.1.6 68.00 OK
r-oldrel-windows-x86_64 0.1.6 16.00 115.00 131.00 OK

Check Details

Version: 0.1.6
Check: Rd cross-references
Result: NOTE Found the following Rd file(s) with Rd \link{} targets missing package anchors: getFormula.Rd: createLipidDB, assignDB Please provide package anchors for all Rd \link{} targets not in the package itself and the base packages. Flavors: r-devel-linux-x86_64-debian-clang, r-devel-linux-x86_64-debian-gcc, r-devel-windows-x86_64, r-patched-linux-x86_64, r-release-linux-x86_64, r-release-windows-x86_64

These binaries (installable software) and packages are in development.
They may not be fully stable and should be used with caution. We make no claims about them.