CRAN Package Check Results for Package FAMetA

Last updated on 2025-02-16 10:50:45 CET.

Flavor Version Tinstall Tcheck Ttotal Status Flags
r-devel-linux-x86_64-debian-clang 0.1.6 10.96 73.59 84.55 NOTE
r-devel-linux-x86_64-debian-gcc 0.1.6 6.10 52.71 58.81 NOTE
r-devel-linux-x86_64-fedora-clang 0.1.6 138.83 OK
r-devel-linux-x86_64-fedora-gcc 0.1.6 141.01 OK
r-devel-macos-arm64 0.1.6 44.00 OK
r-devel-macos-x86_64 0.1.6 84.00 OK
r-devel-windows-x86_64 0.1.6 13.00 90.00 103.00 NOTE
r-patched-linux-x86_64 0.1.6 17.35 68.94 86.29 OK
r-release-linux-x86_64 0.1.6 9.16 68.93 78.09 OK
r-release-macos-arm64 0.1.6 45.00 OK
r-release-macos-x86_64 0.1.6 68.00 OK
r-release-windows-x86_64 0.1.6 14.00 91.00 105.00 OK
r-oldrel-macos-arm64 0.1.6 47.00 OK
r-oldrel-macos-x86_64 0.1.6 103.00 OK
r-oldrel-windows-x86_64 0.1.6 16.00 104.00 120.00 OK

Check Details

Version: 0.1.6
Check: Rd cross-references
Result: NOTE Found the following Rd file(s) with Rd \link{} targets missing package anchors: getFormula.Rd: createLipidDB, assignDB Please provide package anchors for all Rd \link{} targets not in the package itself and the base packages. Flavors: r-devel-linux-x86_64-debian-clang, r-devel-linux-x86_64-debian-gcc, r-devel-windows-x86_64

These binaries (installable software) and packages are in development.
They may not be fully stable and should be used with caution. We make no claims about them.