Last updated on 2024-07-27 15:50:17 CEST.
Flavor | Version | Tinstall | Tcheck | Ttotal | Status | Flags |
---|---|---|---|---|---|---|
r-devel-linux-x86_64-debian-clang | 0.3.0 | 4.67 | 46.91 | 51.58 | OK | |
r-devel-linux-x86_64-debian-gcc | 0.3.0 | NOTE | ||||
r-devel-linux-x86_64-fedora-clang | 0.3.0 | 64.57 | OK | |||
r-devel-linux-x86_64-fedora-gcc | 0.3.0 | 73.08 | OK | |||
r-devel-windows-x86_64 | 0.3.0 | 4.00 | 55.00 | 59.00 | NOTE | |
r-patched-linux-x86_64 | 0.3.0 | OK | ||||
r-release-linux-x86_64 | 0.3.0 | 3.64 | 43.51 | 47.15 | OK | |
r-release-macos-arm64 | 0.3.0 | 30.00 | OK | |||
r-release-macos-x86_64 | 0.3.0 | 43.00 | OK | |||
r-release-windows-x86_64 | 0.3.0 | 4.00 | 55.00 | 59.00 | OK | |
r-oldrel-macos-arm64 | 0.3.0 | 30.00 | OK | |||
r-oldrel-macos-x86_64 | 0.3.0 | 40.00 | OK | |||
r-oldrel-windows-x86_64 | 0.3.0 | 6.00 | 59.00 | 65.00 | OK |
Version: 0.3.0
Check: Rd cross-references
Result: NOTE
Found the following Rd file(s) with Rd \link{} targets missing package
anchors:
famos.Rd: future
Please provide package anchors for all Rd \link{} targets not in the
package itself and the base packages.
Flavors: r-devel-linux-x86_64-debian-gcc, r-devel-windows-x86_64
These binaries (installable software) and packages are in development.
They may not be fully stable and should be used with caution. We make no claims about them.