Last updated on 2025-05-07 15:49:15 CEST.
Flavor | Version | Tinstall | Tcheck | Ttotal | Status | Flags |
---|---|---|---|---|---|---|
r-devel-linux-x86_64-debian-clang | 1.0 | 2.21 | 24.15 | 26.36 | NOTE | |
r-devel-linux-x86_64-debian-gcc | 1.0 | 1.74 | 19.22 | 20.96 | NOTE | |
r-devel-linux-x86_64-fedora-clang | 1.0 | 41.07 | OK | |||
r-devel-linux-x86_64-fedora-gcc | 1.0 | 39.25 | OK | |||
r-devel-windows-x86_64 | 1.0 | 4.00 | 51.00 | 55.00 | OK | |
r-patched-linux-x86_64 | 1.0 | 2.95 | 23.44 | 26.39 | OK | |
r-release-linux-x86_64 | 1.0 | 2.13 | 23.21 | 25.34 | OK | |
r-release-macos-arm64 | 1.0 | 19.00 | OK | |||
r-release-macos-x86_64 | 1.0 | 32.00 | OK | |||
r-release-windows-x86_64 | 1.0 | 3.00 | 51.00 | 54.00 | OK | |
r-oldrel-macos-arm64 | 1.0 | 17.00 | OK | |||
r-oldrel-macos-x86_64 | 1.0 | 27.00 | OK | |||
r-oldrel-windows-x86_64 | 1.0 | 3.00 | 56.00 | 59.00 | OK |
Version: 1.0
Check: CRAN incoming feasibility
Result: NOTE
Maintainer: ‘Ali Ahani <ali.ahani66@gmail.com>’
No Authors@R field in DESCRIPTION.
Please add one, modifying
Authors@R: c(person(given = "Ali",
family = "Ahani",
role = c("aut", "cre"),
email = "a_ahani@sbu.ac.ir",
comment = c(ORCID = "0000-0002-1441-0444")),
person(given = c("S.", "Saeid", "Mousavi"),
family = "Nadoushani",
role = "aut",
email = "sa_mousavi@sbu.ac.ir",
comment = c(ORCID = "0000-0001-6679-5553")))
as necessary.
Flavors: r-devel-linux-x86_64-debian-clang, r-devel-linux-x86_64-debian-gcc
These binaries (installable software) and packages are in development.
They may not be fully stable and should be used with caution. We make no claims about them.