Last updated on 2025-05-01 14:49:09 CEST.
Flavor | Version | Tinstall | Tcheck | Ttotal | Status | Flags |
---|---|---|---|---|---|---|
r-devel-linux-x86_64-debian-clang | 2.4.0 | 4.71 | 42.32 | 47.03 | NOTE | |
r-devel-linux-x86_64-debian-gcc | 2.4.0 | 3.20 | 32.63 | 35.83 | NOTE | |
r-devel-linux-x86_64-fedora-clang | 2.4.0 | 75.08 | OK | |||
r-devel-linux-x86_64-fedora-gcc | 2.4.0 | 85.43 | OK | |||
r-devel-windows-x86_64 | 2.4.0 | 6.00 | 75.00 | 81.00 | OK | |
r-patched-linux-x86_64 | 2.4.0 | 4.06 | 40.70 | 44.76 | OK | |
r-release-linux-x86_64 | OK | |||||
r-release-macos-arm64 | 2.4.0 | 40.00 | OK | |||
r-release-macos-x86_64 | 2.4.0 | 66.00 | OK | |||
r-release-windows-x86_64 | 2.4.0 | 6.00 | 74.00 | 80.00 | OK | |
r-oldrel-macos-arm64 | 2.4.0 | 35.00 | OK | |||
r-oldrel-macos-x86_64 | 2.4.0 | 71.00 | OK | |||
r-oldrel-windows-x86_64 | 2.4.0 | 8.00 | 84.00 | 92.00 | OK |
Version: 2.4.0
Check: CRAN incoming feasibility
Result: NOTE
Maintainer: ‘Paul Rougieux <paul.rougieux@gmail.com>’
No Authors@R field in DESCRIPTION.
Please add one, modifying
Authors@R: c(person(given = c("Michael", "C."),
family = "J.",
role = "aut"),
person(given = "Markus",
family = "Gesmann",
role = "aut"),
person(given = "Filippo",
family = "Gheri",
role = "aut"),
person(given = "Paul",
family = "Rougieux",
role = c("aut", "cre"),
email = "paul.rougieux@gmail.com"),
person(given = "Sebastian",
family = "Campbell",
role = "aut"))
as necessary.
Flavors: r-devel-linux-x86_64-debian-clang, r-devel-linux-x86_64-debian-gcc
These binaries (installable software) and packages are in development.
They may not be fully stable and should be used with caution. We make no claims about them.