Last updated on 2025-05-01 12:49:27 CEST.
Flavor | Version | Tinstall | Tcheck | Ttotal | Status | Flags |
---|---|---|---|---|---|---|
r-devel-linux-x86_64-debian-clang | 0.1.0 | 14.39 | 177.58 | 191.97 | OK | |
r-devel-linux-x86_64-debian-gcc | 0.1.0 | 9.91 | 124.19 | 134.10 | OK | |
r-devel-linux-x86_64-fedora-clang | 0.1.0 | 289.42 | OK | |||
r-devel-linux-x86_64-fedora-gcc | 0.1.0 | 300.41 | OK | |||
r-devel-windows-x86_64 | 0.1.0 | 15.00 | 174.00 | 189.00 | OK | |
r-patched-linux-x86_64 | 0.1.0 | 14.34 | 171.63 | 185.97 | OK | |
r-release-linux-x86_64 | OK | |||||
r-release-macos-arm64 | 0.1.0 | 93.00 | OK | |||
r-release-macos-x86_64 | 0.1.0 | 207.00 | OK | |||
r-release-windows-x86_64 | 0.1.0 | 16.00 | 174.00 | 190.00 | OK | |
r-oldrel-macos-arm64 | 0.1.0 | 93.00 | NOTE | |||
r-oldrel-macos-x86_64 | 0.1.0 | 213.00 | NOTE | |||
r-oldrel-windows-x86_64 | 0.1.0 | 19.00 | 228.00 | 247.00 | NOTE |
Version: 0.1.0
Check: installed package size
Result: NOTE
installed size is 5.1Mb
sub-directories of 1Mb or more:
doc 3.9Mb
extdata 1.0Mb
Flavors: r-oldrel-macos-arm64, r-oldrel-macos-x86_64, r-oldrel-windows-x86_64
These binaries (installable software) and packages are in development.
They may not be fully stable and should be used with caution. We make no claims about them.