CRAN Package Check Results for Package FBMS

Last updated on 2025-10-03 23:49:53 CEST.

Flavor Version Tinstall Tcheck Ttotal Status Flags
r-devel-linux-x86_64-debian-clang 1.2 24.74 630.09 654.83 OK
r-devel-linux-x86_64-debian-gcc 1.2 15.75 395.49 411.24 OK
r-devel-linux-x86_64-fedora-clang 1.2 948.19 OK
r-devel-linux-x86_64-fedora-gcc 1.2 960.41 OK
r-devel-windows-x86_64 1.2 28.00 746.00 774.00 OK
r-patched-linux-x86_64 1.2 25.15 617.89 643.04 OK
r-release-linux-x86_64 1.2 23.37 611.52 634.89 OK
r-release-macos-arm64 1.2 304.00 OK
r-release-macos-x86_64 1.2 570.00 OK
r-release-windows-x86_64 1.2 31.00 754.00 785.00 OK
r-oldrel-macos-arm64 1.2 296.00 NOTE
r-oldrel-macos-x86_64 1.2 656.00 NOTE
r-oldrel-windows-x86_64 1.2 38.00 951.00 989.00 NOTE

Check Details

Version: 1.2
Check: package dependencies
Result: NOTE Depends: includes the non-default packages: 'fastglm', 'GenSA', 'parallel', 'r2r', 'BAS', 'tolerance' Adding so many packages to the search path is excessive and importing selectively is preferable. Flavors: r-oldrel-macos-arm64, r-oldrel-macos-x86_64, r-oldrel-windows-x86_64

Version: 1.2
Check: installed package size
Result: NOTE installed size is 5.9Mb sub-directories of 1Mb or more: data 4.3Mb Flavors: r-oldrel-macos-arm64, r-oldrel-macos-x86_64, r-oldrel-windows-x86_64

These binaries (installable software) and packages are in development.
They may not be fully stable and should be used with caution. We make no claims about them.