CRAN Package Check Results for Package FBMS

Last updated on 2025-07-02 01:51:36 CEST.

Flavor Version Tinstall Tcheck Ttotal Status Flags
r-devel-linux-x86_64-debian-clang 1.1 20.50 76.55 97.05 OK
r-devel-linux-x86_64-debian-gcc 1.1 11.85 53.05 64.90 OK
r-devel-linux-x86_64-fedora-clang 1.1 156.34 OK
r-devel-linux-x86_64-fedora-gcc 1.1 166.10 OK
r-devel-windows-x86_64 1.1 24.00 124.00 148.00 OK
r-patched-linux-x86_64 OK
r-release-linux-x86_64 1.1 18.91 73.28 92.19 OK
r-release-macos-arm64 1.1 62.00 OK
r-release-macos-x86_64 1.1 119.00 OK
r-release-windows-x86_64 1.1 24.00 115.00 139.00 OK
r-oldrel-macos-arm64 1.1 53.00 NOTE
r-oldrel-macos-x86_64 1.1 141.00 NOTE
r-oldrel-windows-x86_64 1.1 30.00 143.00 173.00 NOTE

Check Details

Version: 1.1
Check: installed package size
Result: NOTE installed size is 5.6Mb sub-directories of 1Mb or more: data 4.3Mb Flavors: r-oldrel-macos-arm64, r-oldrel-macos-x86_64, r-oldrel-windows-x86_64

These binaries (installable software) and packages are in development.
They may not be fully stable and should be used with caution. We make no claims about them.