CRAN Package Check Results for Package FCPS

Last updated on 2025-05-08 04:52:04 CEST.

Flavor Version Tinstall Tcheck Ttotal Status Flags
r-devel-linux-x86_64-debian-clang 1.3.4 12.18 169.03 181.21 OK
r-devel-linux-x86_64-debian-gcc 1.3.4 8.53 115.61 124.14 OK
r-devel-linux-x86_64-fedora-clang 1.3.4 302.05 OK
r-devel-linux-x86_64-fedora-gcc 1.3.4 300.90 OK
r-devel-windows-x86_64 1.3.4 17.00 191.00 208.00 OK
r-patched-linux-x86_64 1.3.4 14.94 152.73 167.67 OK
r-release-linux-x86_64 1.3.4 12.85 151.99 164.84 OK
r-release-macos-arm64 1.3.4 126.00 OK
r-release-macos-x86_64 1.3.4 248.00 OK
r-release-windows-x86_64 1.3.4 17.00 192.00 209.00 OK
r-oldrel-macos-arm64 1.3.4 75.00 NOTE
r-oldrel-macos-x86_64 1.3.4 208.00 NOTE
r-oldrel-windows-x86_64 1.3.4 22.00 244.00 266.00 NOTE

Check Details

Version: 1.3.4
Check: installed package size
Result: NOTE installed size is 6.9Mb sub-directories of 1Mb or more: data 2.4Mb doc 3.9Mb Flavors: r-oldrel-macos-arm64, r-oldrel-macos-x86_64, r-oldrel-windows-x86_64

These binaries (installable software) and packages are in development.
They may not be fully stable and should be used with caution. We make no claims about them.