Last updated on 2025-10-25 23:48:37 CEST.
| Flavor | Version | Tinstall | Tcheck | Ttotal | Status | Flags |
|---|---|---|---|---|---|---|
| r-devel-linux-x86_64-debian-clang | 0.1.4 | 4.46 | 132.46 | 136.92 | NOTE | |
| r-devel-linux-x86_64-debian-gcc | 0.1.4 | 3.81 | 82.65 | 86.46 | NOTE | |
| r-devel-linux-x86_64-fedora-clang | 0.1.4 | 217.52 | OK | |||
| r-devel-linux-x86_64-fedora-gcc | 0.1.4 | 11.00 | 209.52 | 220.52 | OK | |
| r-devel-windows-x86_64 | 0.1.4 | 7.00 | 147.00 | 154.00 | OK | |
| r-patched-linux-x86_64 | 0.1.4 | 5.80 | 129.01 | 134.81 | OK | |
| r-release-linux-x86_64 | 0.1.4 | 4.90 | 130.21 | 135.11 | OK | |
| r-release-macos-arm64 | 0.1.4 | 3.00 | 67.00 | 70.00 | OK | |
| r-release-macos-x86_64 | 0.1.4 | 6.00 | 149.00 | 155.00 | OK | |
| r-release-windows-x86_64 | 0.1.4 | 6.00 | 147.00 | 153.00 | OK | |
| r-oldrel-macos-arm64 | 0.1.4 | 2.00 | 60.00 | 62.00 | OK | |
| r-oldrel-macos-x86_64 | 0.1.4 | 3.00 | 110.00 | 113.00 | OK | |
| r-oldrel-windows-x86_64 | 0.1.4 | 8.00 | 196.00 | 204.00 | OK |
Version: 0.1.4
Check: CRAN incoming feasibility
Result: NOTE
Maintainer: ‘Lealand Morin <lealand.morin@ucf.edu>’
Package CITATION file contains call(s) to old-style citEntry(). Please
use bibentry() instead.
Flavors: r-devel-linux-x86_64-debian-clang, r-devel-linux-x86_64-debian-gcc
These binaries (installable software) and packages are in development.
They may not be fully stable and should be used with caution. We make no claims about them.