CRAN Package Check Results for Package FDRsampsize

Last updated on 2025-11-11 15:50:33 CET.

Flavor Version Tinstall Tcheck Ttotal Status Flags
r-devel-linux-x86_64-debian-clang 1.0 2.11 22.83 24.94 NOTE
r-devel-linux-x86_64-debian-gcc 1.0 1.56 18.25 19.81 NOTE
r-devel-linux-x86_64-fedora-clang 1.0 37.51 OK
r-devel-linux-x86_64-fedora-gcc 1.0 35.59 OK
r-devel-windows-x86_64 1.0 3.00 45.00 48.00 OK
r-patched-linux-x86_64 1.0 2.22 21.51 23.73 OK
r-release-linux-x86_64 1.0 2.05 21.69 23.74 OK
r-release-macos-arm64 1.0 1.00 16.00 17.00 OK
r-release-macos-x86_64 1.0 2.00 26.00 28.00 OK
r-release-windows-x86_64 1.0 3.00 44.00 47.00 OK
r-oldrel-macos-arm64 1.0 1.00 15.00 16.00 OK
r-oldrel-macos-x86_64 1.0 2.00 24.00 26.00 OK
r-oldrel-windows-x86_64 1.0 3.00 44.00 47.00 OK

Check Details

Version: 1.0
Check: CRAN incoming feasibility
Result: NOTE Maintainer: ‘Stan Pounds <stanley.pounds@stjude.org>’ No Authors@R field in DESCRIPTION. Please add one, modifying Authors@R: person(given = "Stan", family = "Pounds", role = c("aut", "cre"), email = "stanley.pounds@stjude.org") as necessary. Flavors: r-devel-linux-x86_64-debian-clang, r-devel-linux-x86_64-debian-gcc

These binaries (installable software) and packages are in development.
They may not be fully stable and should be used with caution. We make no claims about them.