CRAN Package Check Results for Package FDRsampsize

Last updated on 2025-10-09 21:50:17 CEST.

Flavor Version Tinstall Tcheck Ttotal Status Flags
r-devel-linux-x86_64-debian-clang 1.0 2.02 22.67 24.69 NOTE
r-devel-linux-x86_64-debian-gcc 1.0 1.60 18.59 20.19 NOTE
r-devel-linux-x86_64-fedora-clang 1.0 36.60 OK
r-devel-linux-x86_64-fedora-gcc 1.0 35.30 OK
r-devel-windows-x86_64 1.0 3.00 45.00 48.00 OK
r-patched-linux-x86_64 1.0 2.45 21.59 24.04 OK
r-release-linux-x86_64 1.0 1.92 21.57 23.49 OK
r-release-macos-arm64 1.0 17.00 OK
r-release-macos-x86_64 1.0 28.00 OK
r-release-windows-x86_64 1.0 4.00 48.00 52.00 OK
r-oldrel-macos-arm64 1.0 16.00 OK
r-oldrel-macos-x86_64 1.0 26.00 OK
r-oldrel-windows-x86_64 1.0 3.00 44.00 47.00 OK

Check Details

Version: 1.0
Check: CRAN incoming feasibility
Result: NOTE Maintainer: ‘Stan Pounds <stanley.pounds@stjude.org>’ No Authors@R field in DESCRIPTION. Please add one, modifying Authors@R: person(given = "Stan", family = "Pounds", role = c("aut", "cre"), email = "stanley.pounds@stjude.org") as necessary. Flavors: r-devel-linux-x86_64-debian-clang, r-devel-linux-x86_64-debian-gcc

These binaries (installable software) and packages are in development.
They may not be fully stable and should be used with caution. We make no claims about them.