Last updated on 2025-02-16 10:50:46 CET.
Flavor | Version | Tinstall | Tcheck | Ttotal | Status | Flags |
---|---|---|---|---|---|---|
r-devel-linux-x86_64-debian-clang | 1.1-2 | 15.02 | 217.17 | 232.19 | NOTE | |
r-devel-linux-x86_64-debian-gcc | 1.1-2 | 11.70 | 161.52 | 173.22 | NOTE | |
r-devel-linux-x86_64-fedora-clang | 1.1-2 | 376.17 | OK | |||
r-devel-linux-x86_64-fedora-gcc | 1.1-2 | 385.64 | OK | |||
r-devel-macos-arm64 | 1.1-2 | 108.00 | OK | |||
r-devel-macos-x86_64 | 1.1-2 | 253.00 | OK | |||
r-devel-windows-x86_64 | 1.1-2 | 17.00 | 249.00 | 266.00 | NOTE | |
r-patched-linux-x86_64 | 1.1-2 | 21.75 | 216.92 | 238.67 | OK | |
r-release-linux-x86_64 | 1.1-2 | 15.87 | 219.09 | 234.96 | OK | |
r-release-macos-arm64 | 1.1-2 | 102.00 | OK | |||
r-release-macos-x86_64 | 1.1-2 | 268.00 | OK | |||
r-release-windows-x86_64 | 1.1-2 | 18.00 | 258.00 | 276.00 | OK | |
r-oldrel-macos-arm64 | 1.1-2 | 126.00 | OK | |||
r-oldrel-macos-x86_64 | 1.1-2 | 274.00 | OK | |||
r-oldrel-windows-x86_64 | 1.1-2 | 22.00 | 307.00 | 329.00 | OK |
Version: 1.1-2
Check: Rd cross-references
Result: NOTE
Found the following Rd file(s) with Rd \link{} targets missing package
anchors:
FDboost.Rd: mboost
FDboostLSS.Rd: Families, GaussianLSS, boost_control
bootstrapCI.Rd: cvrisk
cvrisk.FDboostLSS.Rd: cvrisk.mboostLSS
predict.FDboost_fac.Rd: predict.mboost
Please provide package anchors for all Rd \link{} targets not in the
package itself and the base packages.
Flavors: r-devel-linux-x86_64-debian-clang, r-devel-linux-x86_64-debian-gcc, r-devel-windows-x86_64
These binaries (installable software) and packages are in development.
They may not be fully stable and should be used with caution. We make no claims about them.