Last updated on 2025-10-03 13:49:33 CEST.
Flavor | Version | Tinstall | Tcheck | Ttotal | Status | Flags |
---|---|---|---|---|---|---|
r-devel-linux-x86_64-debian-clang | 1.0-9 | 8.78 | 72.91 | 81.69 | NOTE | |
r-devel-linux-x86_64-debian-gcc | 1.0-9 | 7.18 | 62.20 | 69.38 | NOTE | |
r-devel-linux-x86_64-fedora-clang | 1.0-9 | 124.22 | OK | |||
r-devel-linux-x86_64-fedora-gcc | 1.0-9 | 137.59 | OK | |||
r-devel-windows-x86_64 | 1.0-9 | 8.00 | 198.00 | 206.00 | OK | |
r-patched-linux-x86_64 | 1.0-9 | 9.77 | 65.65 | 75.42 | OK | |
r-release-linux-x86_64 | 1.0-9 | 8.85 | 65.90 | 74.75 | OK | |
r-release-macos-arm64 | 1.0-9 | 64.00 | OK | |||
r-release-macos-x86_64 | 1.0-9 | 92.00 | OK | |||
r-release-windows-x86_64 | 1.0-9 | 9.00 | 108.00 | 117.00 | OK | |
r-oldrel-macos-arm64 | 1.0-9 | 56.00 | OK | |||
r-oldrel-macos-x86_64 | 1.0-9 | 69.00 | OK | |||
r-oldrel-windows-x86_64 | 1.0-9 | 7.00 | 111.00 | 118.00 | OK |
Version: 1.0-9
Check: CRAN incoming feasibility
Result: NOTE
Maintainer: ‘Ian Kopacka <ian.kopacka@ages.at>’
No Authors@R field in DESCRIPTION.
Please add one, modifying
Authors@R: person(given = "Ian",
family = "Kopacka",
role = c("aut", "cre"),
email = "ian.kopacka@ages.at")
as necessary.
Flavors: r-devel-linux-x86_64-debian-clang, r-devel-linux-x86_64-debian-gcc
These binaries (installable software) and packages are in development.
They may not be fully stable and should be used with caution. We make no claims about them.