Last updated on 2025-05-23 15:49:15 CEST.
Flavor | Version | Tinstall | Tcheck | Ttotal | Status | Flags |
---|---|---|---|---|---|---|
r-devel-linux-x86_64-debian-clang | 1.0-9 | 9.85 | 65.15 | 75.00 | NOTE | |
r-devel-linux-x86_64-debian-gcc | 1.0-9 | 7.33 | 49.33 | 56.66 | NOTE | |
r-devel-linux-x86_64-fedora-clang | 1.0-9 | 122.36 | OK | |||
r-devel-linux-x86_64-fedora-gcc | 1.0-9 | 139.78 | OK | |||
r-devel-windows-x86_64 | 1.0-9 | 9.00 | 164.00 | 173.00 | OK | |
r-patched-linux-x86_64 | 1.0-9 | 9.68 | 62.30 | 71.98 | OK | |
r-release-linux-x86_64 | 1.0-9 | 8.62 | 62.10 | 70.72 | OK | |
r-release-macos-arm64 | 1.0-9 | 64.00 | OK | |||
r-release-macos-x86_64 | 1.0-9 | 92.00 | OK | |||
r-release-windows-x86_64 | 1.0-9 | 7.00 | 169.00 | 176.00 | OK | |
r-oldrel-macos-arm64 | 1.0-9 | 56.00 | OK | |||
r-oldrel-macos-x86_64 | 1.0-9 | 69.00 | OK | |||
r-oldrel-windows-x86_64 | 1.0-9 | 7.00 | 109.00 | 116.00 | OK |
Version: 1.0-9
Check: CRAN incoming feasibility
Result: NOTE
Maintainer: ‘Ian Kopacka <ian.kopacka@ages.at>’
No Authors@R field in DESCRIPTION.
Please add one, modifying
Authors@R: person(given = "Ian",
family = "Kopacka",
role = c("aut", "cre"),
email = "ian.kopacka@ages.at")
as necessary.
Flavors: r-devel-linux-x86_64-debian-clang, r-devel-linux-x86_64-debian-gcc
These binaries (installable software) and packages are in development.
They may not be fully stable and should be used with caution. We make no claims about them.