Last updated on 2025-07-22 13:49:13 CEST.
Flavor | Version | Tinstall | Tcheck | Ttotal | Status | Flags |
---|---|---|---|---|---|---|
r-devel-linux-x86_64-debian-clang | 0.1.0 | 32.86 | 293.74 | 326.60 | NOTE | |
r-devel-linux-x86_64-debian-gcc | 0.1.0 | 24.77 | 244.91 | 269.68 | NOTE | |
r-devel-linux-x86_64-fedora-clang | 0.1.0 | 450.09 | NOTE | |||
r-devel-linux-x86_64-fedora-gcc | 0.1.0 | 594.80 | NOTE | |||
r-devel-windows-x86_64 | 0.1.0 | 40.00 | 231.00 | 271.00 | NOTE | |
r-patched-linux-x86_64 | 0.1.0 | 34.72 | 358.71 | 393.43 | NOTE | |
r-release-linux-x86_64 | 0.1.0 | 33.64 | 460.74 | 494.38 | NOTE | |
r-release-macos-arm64 | 0.1.0 | 148.00 | NOTE | |||
r-release-macos-x86_64 | 0.1.0 | 277.00 | NOTE | |||
r-release-windows-x86_64 | 0.1.0 | 38.00 | 236.00 | 274.00 | NOTE | |
r-oldrel-macos-arm64 | 0.1.0 | 148.00 | NOTE | |||
r-oldrel-macos-x86_64 | 0.1.0 | 187.00 | NOTE | |||
r-oldrel-windows-x86_64 | 0.1.0 | 45.00 | 297.00 | 342.00 | NOTE |
Version: 0.1.0
Check: C++ specification
Result: NOTE
Specified C++11: please drop specification unless essential
Flavors: r-devel-linux-x86_64-debian-clang, r-devel-linux-x86_64-debian-gcc, r-devel-linux-x86_64-fedora-clang, r-devel-linux-x86_64-fedora-gcc, r-devel-windows-x86_64, r-patched-linux-x86_64, r-release-linux-x86_64, r-release-macos-arm64, r-release-macos-x86_64, r-release-windows-x86_64, r-oldrel-macos-arm64, r-oldrel-macos-x86_64, r-oldrel-windows-x86_64
These binaries (installable software) and packages are in development.
They may not be fully stable and should be used with caution. We make no claims about them.