Last updated on 2025-04-16 00:49:40 CEST.
Flavor | Version | Tinstall | Tcheck | Ttotal | Status | Flags |
---|---|---|---|---|---|---|
r-devel-linux-x86_64-debian-clang | 3.7.1 | 53.37 | 410.58 | 463.95 | OK | |
r-devel-linux-x86_64-debian-gcc | 3.7.1 | 29.99 | 264.25 | 294.24 | OK | |
r-devel-linux-x86_64-fedora-clang | 3.7.1 | 721.04 | OK | |||
r-devel-linux-x86_64-fedora-gcc | 3.7.1 | 672.57 | OK | |||
r-devel-windows-x86_64 | 3.7.1 | 49.00 | 329.00 | 378.00 | OK | |
r-patched-linux-x86_64 | 3.7.1 | 57.31 | 376.54 | 433.85 | OK | |
r-release-linux-x86_64 | 3.7.1 | 46.34 | 375.31 | 421.65 | OK | |
r-release-macos-arm64 | 3.7.1 | 200.00 | OK | |||
r-release-macos-x86_64 | 3.7.1 | 224.00 | OK | |||
r-release-windows-x86_64 | 3.7.1 | 46.00 | 329.00 | 375.00 | OK | |
r-oldrel-macos-arm64 | 3.7.1 | 176.00 | NOTE | |||
r-oldrel-macos-x86_64 | 3.7.1 | 221.00 | NOTE | |||
r-oldrel-windows-x86_64 | 3.7.1 | 72.00 | 429.00 | 501.00 | NOTE |
Version: 3.7.1
Check: installed package size
Result: NOTE
installed size is 10.7Mb
sub-directories of 1Mb or more:
R 5.6Mb
doc 1.4Mb
extdata 2.1Mb
Flavors: r-oldrel-macos-arm64, r-oldrel-macos-x86_64, r-oldrel-windows-x86_64
These binaries (installable software) and packages are in development.
They may not be fully stable and should be used with caution. We make no claims about them.