Last updated on 2025-07-02 03:50:41 CEST.
Flavor | Version | Tinstall | Tcheck | Ttotal | Status | Flags |
---|---|---|---|---|---|---|
r-devel-linux-x86_64-debian-clang | 3.7.1 | 57.58 | 425.94 | 483.52 | OK | |
r-devel-linux-x86_64-debian-gcc | 3.7.1 | 32.25 | 277.96 | 310.21 | OK | |
r-devel-linux-x86_64-fedora-clang | 3.7.1 | 774.10 | OK | |||
r-devel-linux-x86_64-fedora-gcc | 3.7.1 | 710.03 | OK | |||
r-devel-windows-x86_64 | 3.7.1 | 52.00 | 348.00 | 400.00 | OK | |
r-patched-linux-x86_64 | OK | |||||
r-release-linux-x86_64 | 3.7.1 | 48.77 | 397.43 | 446.20 | OK | |
r-release-macos-arm64 | 3.7.1 | 200.00 | OK | |||
r-release-macos-x86_64 | 3.7.1 | 224.00 | OK | |||
r-release-windows-x86_64 | 3.7.1 | 48.00 | 344.00 | 392.00 | OK | |
r-oldrel-macos-arm64 | 3.7.1 | 176.00 | NOTE | |||
r-oldrel-macos-x86_64 | 3.7.1 | 221.00 | NOTE | |||
r-oldrel-windows-x86_64 | 3.7.1 | 71.00 | 456.00 | 527.00 | NOTE |
Version: 3.7.1
Check: installed package size
Result: NOTE
installed size is 10.7Mb
sub-directories of 1Mb or more:
R 5.6Mb
doc 1.4Mb
extdata 2.1Mb
Flavors: r-oldrel-macos-arm64, r-oldrel-macos-x86_64, r-oldrel-windows-x86_64
These binaries (installable software) and packages are in development.
They may not be fully stable and should be used with caution. We make no claims about them.