Last updated on 2025-05-21 21:49:17 CEST.
Flavor | Version | Tinstall | Tcheck | Ttotal | Status | Flags |
---|---|---|---|---|---|---|
r-devel-linux-x86_64-debian-clang | 1.0.1 | 38.47 | 69.54 | 108.01 | NOTE | |
r-devel-linux-x86_64-debian-gcc | 1.0.1 | 27.88 | 50.32 | 78.20 | NOTE | |
r-devel-linux-x86_64-fedora-clang | 1.0.1 | 191.24 | OK | |||
r-devel-linux-x86_64-fedora-gcc | 1.0.1 | 199.53 | OK | |||
r-devel-windows-x86_64 | 1.0.1 | 47.00 | 112.00 | 159.00 | OK | |
r-patched-linux-x86_64 | 1.0.1 | 39.78 | 66.41 | 106.19 | OK | |
r-release-linux-x86_64 | 1.0.1 | 41.17 | 65.85 | 107.02 | OK | |
r-release-macos-arm64 | 1.0.1 | 50.00 | OK | |||
r-release-macos-x86_64 | 1.0.1 | 83.00 | OK | |||
r-release-windows-x86_64 | 1.0.1 | 44.00 | 132.00 | 176.00 | OK | |
r-oldrel-macos-arm64 | 1.0.1 | 46.00 | OK | |||
r-oldrel-macos-x86_64 | 1.0.1 | 77.00 | OK | |||
r-oldrel-windows-x86_64 | 1.0.1 | 54.00 | 134.00 | 188.00 | OK |
Version: 1.0.1
Check: CRAN incoming feasibility
Result: NOTE
Maintainer: ‘David P. Hofmeyr <dhofmeyr@sun.ac.za>’
No Authors@R field in DESCRIPTION.
Please add one, modifying
Authors@R: person(given = c("David", "P."),
family = "Hofmeyr",
role = c("aut", "cre"),
email = "dhofmeyr@sun.ac.za")
as necessary.
Flavors: r-devel-linux-x86_64-debian-clang, r-devel-linux-x86_64-debian-gcc
These binaries (installable software) and packages are in development.
They may not be fully stable and should be used with caution. We make no claims about them.