CRAN Package Check Results for Package FLSSS

Last updated on 2025-07-21 15:51:02 CEST.

Flavor Version Tinstall Tcheck Ttotal Status Flags
r-devel-linux-x86_64-debian-clang 9.2.8 243.85 48.92 292.77 OK
r-devel-linux-x86_64-debian-gcc 9.2.8 218.08 37.37 255.45 OK
r-devel-linux-x86_64-fedora-clang 9.2.8 497.74 OK
r-devel-linux-x86_64-fedora-gcc 9.2.8 658.48 OK
r-devel-windows-x86_64 9.2.8 282.00 94.00 376.00 OK
r-patched-linux-x86_64 9.2.8 294.40 45.79 340.19 OK
r-release-linux-x86_64 9.2.8 296.17 45.88 342.05 OK
r-release-macos-arm64 9.2.8 163.00 OK
r-release-macos-x86_64 9.2.8 145.00 OK
r-release-windows-x86_64 9.2.8 274.00 102.00 376.00 OK
r-oldrel-macos-arm64 9.2.8 146.00 NOTE
r-oldrel-macos-x86_64 9.2.8 158.00 NOTE
r-oldrel-windows-x86_64 9.2.8 248.00 114.00 362.00 NOTE

Check Details

Version: 9.2.8
Check: installed package size
Result: NOTE installed size is 26.8Mb sub-directories of 1Mb or more: libs 26.5Mb Flavors: r-oldrel-macos-arm64, r-oldrel-macos-x86_64

Version: 9.2.8
Check: for GNU extensions in Makefiles
Result: NOTE GNU make is a SystemRequirements. Flavors: r-oldrel-macos-arm64, r-oldrel-macos-x86_64, r-oldrel-windows-x86_64

These binaries (installable software) and packages are in development.
They may not be fully stable and should be used with caution. We make no claims about them.