Last updated on 2025-10-03 05:53:32 CEST.
Flavor | Version | Tinstall | Tcheck | Ttotal | Status | Flags |
---|---|---|---|---|---|---|
r-devel-linux-x86_64-debian-clang | 9.2.8 | 233.26 | 51.00 | 284.26 | OK | |
r-devel-linux-x86_64-debian-gcc | 9.2.8 | 206.78 | 37.35 | 244.13 | OK | |
r-devel-linux-x86_64-fedora-clang | 9.2.8 | 473.10 | OK | |||
r-devel-linux-x86_64-fedora-gcc | 9.2.8 | 640.55 | OK | |||
r-devel-windows-x86_64 | 9.2.8 | 275.00 | 99.00 | 374.00 | OK | |
r-patched-linux-x86_64 | 9.2.8 | 296.01 | 47.65 | 343.66 | OK | |
r-release-linux-x86_64 | 9.2.8 | 290.56 | 47.57 | 338.13 | OK | |
r-release-macos-arm64 | 9.2.8 | 163.00 | OK | |||
r-release-macos-x86_64 | 9.2.8 | 145.00 | OK | |||
r-release-windows-x86_64 | 9.2.8 | 286.00 | 93.00 | 379.00 | OK | |
r-oldrel-macos-arm64 | 9.2.8 | 146.00 | NOTE | |||
r-oldrel-macos-x86_64 | 9.2.8 | 158.00 | NOTE | |||
r-oldrel-windows-x86_64 | 9.2.8 | 253.00 | 111.00 | 364.00 | NOTE |
Version: 9.2.8
Check: installed package size
Result: NOTE
installed size is 26.8Mb
sub-directories of 1Mb or more:
libs 26.5Mb
Flavors: r-oldrel-macos-arm64, r-oldrel-macos-x86_64
Version: 9.2.8
Check: for GNU extensions in Makefiles
Result: NOTE
GNU make is a SystemRequirements.
Flavors: r-oldrel-macos-arm64, r-oldrel-macos-x86_64, r-oldrel-windows-x86_64
These binaries (installable software) and packages are in development.
They may not be fully stable and should be used with caution. We make no claims about them.