CRAN Package Check Results for Package FME

Last updated on 2025-07-27 03:50:03 CEST.

Flavor Version Tinstall Tcheck Ttotal Status Flags
r-devel-linux-x86_64-debian-clang 1.3.6.3 6.93 185.00 191.93 NOTE
r-devel-linux-x86_64-debian-gcc 1.3.6.4 5.03 119.03 124.06 OK
r-devel-linux-x86_64-fedora-clang 1.3.6.3 320.41 OK
r-devel-linux-x86_64-fedora-gcc 1.3.6.4 327.75 OK
r-devel-windows-x86_64 1.3.6.4 17.00 290.00 307.00 OK
r-patched-linux-x86_64 1.3.6.3 6.97 176.04 183.01 NOTE
r-release-linux-x86_64 1.3.6.4 6.91 174.88 181.79 OK
r-release-macos-arm64 1.3.6.3 88.00 OK
r-release-macos-x86_64 1.3.6.4 265.00 OK
r-release-windows-x86_64 1.3.6.4 14.00 281.00 295.00 OK
r-oldrel-macos-arm64 1.3.6.3 87.00 OK
r-oldrel-macos-x86_64 1.3.6.4 241.00 OK
r-oldrel-windows-x86_64 1.3.6.3 13.00 308.00 321.00 OK

Check Details

Version: 1.3.6.3
Check: Rd cross-references
Result: NOTE Found the following Rd file(s) with Rd \link{} targets missing package anchors: obsplot.Rd: print.deSolve, ode, deSolve Please provide package anchors for all Rd \link{} targets not in the package itself and the base packages. Flavors: r-devel-linux-x86_64-debian-clang, r-patched-linux-x86_64

These binaries (installable software) and packages are in development.
They may not be fully stable and should be used with caution. We make no claims about them.