Last updated on 2025-05-22 06:51:45 CEST.
Flavor | Version | Tinstall | Tcheck | Ttotal | Status | Flags |
---|---|---|---|---|---|---|
r-devel-linux-x86_64-debian-clang | 1.0 | 4.93 | 30.73 | 35.66 | NOTE | |
r-devel-linux-x86_64-debian-gcc | 1.0 | 3.57 | 22.24 | 25.81 | NOTE | |
r-devel-linux-x86_64-fedora-clang | 1.0 | 57.74 | OK | |||
r-devel-linux-x86_64-fedora-gcc | 1.0 | 59.37 | OK | |||
r-devel-windows-x86_64 | 1.0 | 5.00 | 63.00 | 68.00 | OK | |
r-patched-linux-x86_64 | 1.0 | 5.40 | 29.58 | 34.98 | OK | |
r-release-linux-x86_64 | 1.0 | 4.63 | 30.09 | 34.72 | OK | |
r-release-macos-arm64 | 1.0 | 19.00 | OK | |||
r-release-macos-x86_64 | 1.0 | 34.00 | OK | |||
r-release-windows-x86_64 | 1.0 | 5.00 | 80.00 | 85.00 | OK | |
r-oldrel-macos-arm64 | 1.0 | 20.00 | OK | |||
r-oldrel-macos-x86_64 | 1.0 | 45.00 | OK | |||
r-oldrel-windows-x86_64 | 1.0 | 5.00 | 55.00 | 60.00 | OK |
Version: 1.0
Check: CRAN incoming feasibility
Result: NOTE
Maintainer: ‘Luis Benites Sanchez <lbenitesanchez@gmail.com>’
No Authors@R field in DESCRIPTION.
Please add one, modifying
Authors@R: c(person(given = c("Luis", "Benites"),
family = "Sanchez",
role = c("aut", "cre"),
email = "lbenitesanchez@gmail.com"),
person(given = c("Rocio", "Paola"),
family = "Maehara",
role = "aut"),
person(given = c("Victor", "Hugo"),
family = "Lachos",
role = "aut"))
as necessary.
Flavors: r-devel-linux-x86_64-debian-clang, r-devel-linux-x86_64-debian-gcc
These binaries (installable software) and packages are in development.
They may not be fully stable and should be used with caution. We make no claims about them.