Last updated on 2025-05-08 04:52:05 CEST.
Flavor | Version | Tinstall | Tcheck | Ttotal | Status | Flags |
---|---|---|---|---|---|---|
r-devel-linux-x86_64-debian-clang | 0.1.3 | 2.23 | 56.27 | 58.50 | NOTE | |
r-devel-linux-x86_64-debian-gcc | 0.1.3 | 1.95 | 40.09 | 42.04 | NOTE | |
r-devel-linux-x86_64-fedora-clang | 0.1.3 | 87.46 | OK | |||
r-devel-linux-x86_64-fedora-gcc | 0.1.3 | 97.04 | OK | |||
r-devel-windows-x86_64 | 0.1.3 | 4.00 | 68.00 | 72.00 | OK | |
r-patched-linux-x86_64 | 0.1.3 | 2.39 | 45.95 | 48.34 | OK | |
r-release-linux-x86_64 | 0.1.3 | 2.03 | 49.78 | 51.81 | OK | |
r-release-macos-arm64 | 0.1.3 | 37.00 | OK | |||
r-release-macos-x86_64 | 0.1.3 | 68.00 | OK | |||
r-release-windows-x86_64 | 0.1.3 | 4.00 | 67.00 | 71.00 | OK | |
r-oldrel-macos-arm64 | 0.1.3 | 33.00 | NOTE | |||
r-oldrel-macos-x86_64 | 0.1.3 | 53.00 | NOTE | |||
r-oldrel-windows-x86_64 | 0.1.3 | 4.00 | 80.00 | 84.00 | NOTE |
Version: 0.1.3
Check: CRAN incoming feasibility
Result: NOTE
Maintainer: ‘Mona Azadkia <monaazadkia@gmail.com>’
The Description field contains
simple measure of conditional dependence" <arXiv:1910.12327>.
Please refer to arXiv e-prints via their arXiv DOI <doi:10.48550/arXiv.YYMM.NNNNN>.
Flavors: r-devel-linux-x86_64-debian-clang, r-devel-linux-x86_64-debian-gcc
Version: 0.1.3
Check: LazyData
Result: NOTE
'LazyData' is specified without a 'data' directory
Flavors: r-oldrel-macos-arm64, r-oldrel-macos-x86_64, r-oldrel-windows-x86_64
These binaries (installable software) and packages are in development.
They may not be fully stable and should be used with caution. We make no claims about them.