Last updated on 2025-02-02 14:48:22 CET.
Flavor | Version | Tinstall | Tcheck | Ttotal | Status | Flags |
---|---|---|---|---|---|---|
r-devel-linux-x86_64-debian-clang | 0.1.3 | 2.24 | 52.03 | 54.27 | OK | |
r-devel-linux-x86_64-debian-gcc | 0.1.3 | 1.90 | 36.15 | 38.05 | OK | |
r-devel-linux-x86_64-fedora-clang | 0.1.3 | 90.32 | OK | |||
r-devel-linux-x86_64-fedora-gcc | 0.1.3 | 97.41 | OK | |||
r-devel-windows-x86_64 | 0.1.3 | 4.00 | 77.00 | 81.00 | OK | |
r-patched-linux-x86_64 | 0.1.3 | 2.43 | 48.53 | 50.96 | NOTE | |
r-release-linux-x86_64 | 0.1.3 | 2.15 | 51.99 | 54.14 | NOTE | |
r-release-macos-arm64 | 0.1.3 | 33.00 | NOTE | |||
r-release-macos-x86_64 | 0.1.3 | 53.00 | NOTE | |||
r-release-windows-x86_64 | 0.1.3 | 4.00 | 68.00 | 72.00 | NOTE | |
r-oldrel-macos-arm64 | 0.1.3 | 37.00 | NOTE | |||
r-oldrel-macos-x86_64 | 0.1.3 | 61.00 | NOTE | |||
r-oldrel-windows-x86_64 | 0.1.3 | 4.00 | 75.00 | 79.00 | NOTE |
Version: 0.1.3
Check: LazyData
Result: NOTE
'LazyData' is specified without a 'data' directory
Flavors: r-patched-linux-x86_64, r-release-linux-x86_64, r-release-macos-arm64, r-release-macos-x86_64, r-release-windows-x86_64, r-oldrel-macos-arm64, r-oldrel-macos-x86_64, r-oldrel-windows-x86_64
These binaries (installable software) and packages are in development.
They may not be fully stable and should be used with caution. We make no claims about them.